{"id":1033,"date":"2022-11-16T19:01:36","date_gmt":"2022-11-16T19:01:36","guid":{"rendered":"https:\/\/mueblesitalianos.com\/site\/?post_type=product&#038;p=1033"},"modified":"2022-11-17T02:08:59","modified_gmt":"2022-11-17T02:08:59","slug":"cactus","status":"publish","type":"product","link":"https:\/\/mueblesitalianos.com\/site\/producto\/cactus\/","title":{"rendered":"Cactus"},"content":{"rendered":"<p>Objeto de varias interpretaciones, libres y a menudo ambiguas, Cactus es el icono del dise\u00f1o italiano que ha revolucionado el paisaje dom\u00e9stico, al subvertir las fronteras entre el espacio interior y el espacio abierto. Cactus se presenta como un t\u00f3tem ir\u00f3nico y encarna la determinaci\u00f3n, la imaginaci\u00f3n y el humor del dise\u00f1o de los a\u00f1os setenta. Probable para llamar la atenci\u00f3n de todos, este recibidor-\u00e1rbol se redime a toda costa del funcionalismo, porque puede cumplir su funci\u00f3n, pero tambi\u00e9n ser utilizado como un alegre elemento decorativo. Tienes libertad de interpretaci\u00f3n. Cactus nace en 1972 gracias a la genialidad de Guido Drocco y Franco Mello, y desde el principio cuestiona el est\u00e1tico y r\u00edgido mundo del interiorismo.<\/p>\n","protected":false},"excerpt":{"rendered":"<p>Su primera edici\u00f3n fue de un tono esmeralda muy profundo (edici\u00f3n agotada), y desde entonces se reinterpreta c\u00edclicamente seg\u00fan el color y el estilo del momento. En 2007 tuvimos la versi\u00f3n blanca (edici\u00f3n agotada); en 2010 fue el turno del rojo y el negro.<\/p>\n","protected":false},"featured_media":1176,"template":"","meta":{"_joinchat":[]},"product_cat":[23],"product_tag":[],"class_list":{"0":"post-1033","1":"product","2":"type-product","3":"status-publish","4":"has-post-thumbnail","6":"product_cat-gufram-collection","7":"pa_color-black","8":"pa_color-green","9":"pa_color-red","10":"pa_color-white","12":"first","13":"outofstock","14":"shipping-taxable","15":"purchasable","16":"product-type-variable"},"aioseo_notices":[],"_links":{"self":[{"href":"https:\/\/mueblesitalianos.com\/site\/wp-json\/wp\/v2\/product\/1033","targetHints":{"allow":["GET"]}}],"collection":[{"href":"https:\/\/mueblesitalianos.com\/site\/wp-json\/wp\/v2\/product"}],"about":[{"href":"https:\/\/mueblesitalianos.com\/site\/wp-json\/wp\/v2\/types\/product"}],"wp:featuredmedia":[{"embeddable":true,"href":"https:\/\/mueblesitalianos.com\/site\/wp-json\/wp\/v2\/media\/1176"}],"wp:attachment":[{"href":"https:\/\/mueblesitalianos.com\/site\/wp-json\/wp\/v2\/media?parent=1033"}],"wp:term":[{"taxonomy":"product_cat","embeddable":true,"href":"https:\/\/mueblesitalianos.com\/site\/wp-json\/wp\/v2\/product_cat?post=1033"},{"taxonomy":"product_tag","embeddable":true,"href":"https:\/\/mueblesitalianos.com\/site\/wp-json\/wp\/v2\/product_tag?post=1033"}],"curies":[{"name":"wp","href":"https:\/\/api.w.org\/{rel}","templated":true}]}}