{"id":1040,"date":"2022-11-17T16:46:23","date_gmt":"2022-11-17T16:46:23","guid":{"rendered":"https:\/\/mueblesitalianos.com\/site\/?post_type=product&#038;p=1040"},"modified":"2023-10-28T05:26:14","modified_gmt":"2023-10-28T05:26:14","slug":"broken-bench","status":"publish","type":"product","link":"https:\/\/mueblesitalianos.com\/site\/producto\/broken-bench\/","title":{"rendered":"Broken Bench"},"content":{"rendered":"<p>As\u00ed, Broken Mirror es un proyecto que juega ir\u00f3nicamente con un malentendido, apoy\u00e1ndose en el concepto de &#8220;soft\/non soft&#8221;, adem\u00e1s de resaltar la principal caracter\u00edstica del espejo, que es la de reflejar el mundo que se encuentra frente a \u00e9l, pero tambi\u00e9n la de creando uno nuevo y paralelo. El poliuretano que enmarca el espejo est\u00e1 desbastado totalmente a mano; por esta raz\u00f3n cada pieza de Broken Mirror es ligeramente diferente de otra, y por lo tanto es un art\u00edculo \u00fanico. El efecto similar a la textura de la pared se crea con Guflac, una pintura especial patentada por Gufram que se aplica totalmente a mano; hace que el poliuretano parezca cuero manteniendo su elasticidad, lo que permite experimentaciones est\u00e9ticas \u00fanicas.<\/p>\n","protected":false},"excerpt":{"rendered":"<p>Mirror with frame in soft polyurethane hand finished with Guflac<sup>\u00ae<\/sup>.<\/p>\n<p>1.90m largo<br \/>\n0.70cm ancho<\/p>\n","protected":false},"featured_media":2829,"template":"","meta":{"_joinchat":[]},"product_cat":[23],"product_tag":[],"class_list":{"0":"post-1040","1":"product","2":"type-product","3":"status-publish","4":"has-post-thumbnail","6":"product_cat-gufram-collection","8":"first","9":"instock","10":"shipping-taxable","11":"purchasable","12":"product-type-simple"},"aioseo_notices":[],"_links":{"self":[{"href":"https:\/\/mueblesitalianos.com\/site\/wp-json\/wp\/v2\/product\/1040","targetHints":{"allow":["GET"]}}],"collection":[{"href":"https:\/\/mueblesitalianos.com\/site\/wp-json\/wp\/v2\/product"}],"about":[{"href":"https:\/\/mueblesitalianos.com\/site\/wp-json\/wp\/v2\/types\/product"}],"wp:featuredmedia":[{"embeddable":true,"href":"https:\/\/mueblesitalianos.com\/site\/wp-json\/wp\/v2\/media\/2829"}],"wp:attachment":[{"href":"https:\/\/mueblesitalianos.com\/site\/wp-json\/wp\/v2\/media?parent=1040"}],"wp:term":[{"taxonomy":"product_cat","embeddable":true,"href":"https:\/\/mueblesitalianos.com\/site\/wp-json\/wp\/v2\/product_cat?post=1040"},{"taxonomy":"product_tag","embeddable":true,"href":"https:\/\/mueblesitalianos.com\/site\/wp-json\/wp\/v2\/product_tag?post=1040"}],"curies":[{"name":"wp","href":"https:\/\/api.w.org\/{rel}","templated":true}]}}