{"id":1048,"date":"2022-11-17T16:44:03","date_gmt":"2022-11-17T16:44:03","guid":{"rendered":"https:\/\/mueblesitalianos.com\/site\/?post_type=product&#038;p=1048"},"modified":"2023-01-17T19:46:04","modified_gmt":"2023-01-17T19:46:04","slug":"pratone-forever","status":"publish","type":"product","link":"https:\/\/mueblesitalianos.com\/site\/producto\/pratone-forever\/","title":{"rendered":"Pratone Forever"},"content":{"rendered":"<p>Con motivo de la Milano Design Week 2021, Gufram celebra el quincuag\u00e9simo aniversario de uno de sus iconos m\u00e1s famosos: PRATONE\u00ae. Siempre atenta a preservar el esp\u00edritu visionario e inconformista del Dise\u00f1o Radical italiano, la marca rinde homenaje una vez m\u00e1s a su historia con una edici\u00f3n especial de los asientos m\u00e1s innovadores de la historia del dise\u00f1o. PRATONE\u00ae FOREVER es el spin-off de su famoso antecesor: edici\u00f3n abierta de la famosa chaise longue modular que subvierte la idea de \u201csentarse\u201d, esta nueva versi\u00f3n conserva su est\u00e9tica surrealista pero est\u00e1 revestida en tela disponible en tres tonos diferentes de verde , mientras que sus dimensiones m\u00e1s contenidas facilitan su inserci\u00f3n en cualquier espacio dom\u00e9stico.<\/p>\n<p>PRATONE\u00ae FOREVER es la versi\u00f3n que naci\u00f3 para celebrar el 50 aniversario de este icono atemporal, un mito que se reinventa y se hace eterno, acerc\u00e1ndose cada vez m\u00e1s a la dimensi\u00f3n del mobiliario. Manteniendo su alma de poliuretano suave, un material que siempre ha caracterizado los productos Gufram, PRATONE\u00ae FOREVER cambia su \u201cpiel\u201d: originalmente recubierta de Guflac\u00ae, la pintura especial inventada y patentada por la empresa para recubrir sus creaciones en poliuretano manteniendo su suavidad y elasticidad, esta edici\u00f3n especial est\u00e1 recubierta de un tejido boucl\u00e9 de lana el\u00e1stica que se adhiere perfectamente a las formas exc\u00e9ntricas de esta silla fuera de lo com\u00fan, asegurando una excelente resistencia al desgaste.<\/p>\n","protected":false},"excerpt":{"rendered":"<pre id=\"tw-target-text\" class=\"tw-data-text tw-text-large tw-ta\" dir=\"ltr\" data-placeholder=\"Traducci\u00f3n\"><span class=\"Y2IQFc\" lang=\"es\">Asiento en poliuretano soft tapizado con lana boucl\u00e9.<\/span><\/pre>\n","protected":false},"featured_media":1180,"template":"","meta":{"_joinchat":[]},"product_cat":[23],"product_tag":[],"class_list":{"0":"post-1048","1":"product","2":"type-product","3":"status-publish","4":"has-post-thumbnail","6":"product_cat-gufram-collection","8":"first","9":"outofstock","10":"shipping-taxable","11":"purchasable","12":"product-type-simple"},"aioseo_notices":[],"_links":{"self":[{"href":"https:\/\/mueblesitalianos.com\/site\/wp-json\/wp\/v2\/product\/1048","targetHints":{"allow":["GET"]}}],"collection":[{"href":"https:\/\/mueblesitalianos.com\/site\/wp-json\/wp\/v2\/product"}],"about":[{"href":"https:\/\/mueblesitalianos.com\/site\/wp-json\/wp\/v2\/types\/product"}],"wp:featuredmedia":[{"embeddable":true,"href":"https:\/\/mueblesitalianos.com\/site\/wp-json\/wp\/v2\/media\/1180"}],"wp:attachment":[{"href":"https:\/\/mueblesitalianos.com\/site\/wp-json\/wp\/v2\/media?parent=1048"}],"wp:term":[{"taxonomy":"product_cat","embeddable":true,"href":"https:\/\/mueblesitalianos.com\/site\/wp-json\/wp\/v2\/product_cat?post=1048"},{"taxonomy":"product_tag","embeddable":true,"href":"https:\/\/mueblesitalianos.com\/site\/wp-json\/wp\/v2\/product_tag?post=1048"}],"curies":[{"name":"wp","href":"https:\/\/api.w.org\/{rel}","templated":true}]}}