{"id":1087,"date":"2022-10-13T19:56:47","date_gmt":"2022-10-13T19:56:47","guid":{"rendered":"https:\/\/mueblesitalianos.com\/site\/?post_type=product&#038;p=1087"},"modified":"2023-10-27T23:47:42","modified_gmt":"2023-10-27T23:47:42","slug":"low-lita-love","status":"publish","type":"product","link":"https:\/\/mueblesitalianos.com\/site\/producto\/low-lita-love\/","title":{"rendered":"Low Lita Love"},"content":{"rendered":"<p>Low Lita Love es un love seat que recuerda el dise\u00f1o l\u00fadico y contempor\u00e1neo de toda la colecci\u00f3n Low Lita, creada por la famosa dise\u00f1adora italiana Paola Navone. El sof\u00e1 Low Lita Love mantiene la caracter\u00edstica principal de la colecci\u00f3n Low Lita. El dise\u00f1o delgado del asiento combina con las cuatro enormes patas. El respaldo ligeramente inclinado hace que Low Lita Love sea c\u00f3moda y funcional. El love sofa Low Lita es ideal en todo tipo de ambientes al aire libre, tanto para contract como para casas particulares. Para Low Lita Love, est\u00e1n disponibles suaves cojines en tejido impermeable.<\/p>\n","protected":false},"excerpt":{"rendered":"<p>El respaldo ligeramente inclinado hace que Low Lita Love sea c\u00f3moda y funcional.<\/p>\n","protected":false},"featured_media":2695,"template":"","meta":{"_joinchat":[]},"product_cat":[17],"product_tag":[],"class_list":{"0":"post-1087","1":"product","2":"type-product","3":"status-publish","4":"has-post-thumbnail","6":"product_cat-slide-collection","8":"first","9":"instock","10":"shipping-taxable","11":"purchasable","12":"product-type-simple"},"aioseo_notices":[],"_links":{"self":[{"href":"https:\/\/mueblesitalianos.com\/site\/wp-json\/wp\/v2\/product\/1087","targetHints":{"allow":["GET"]}}],"collection":[{"href":"https:\/\/mueblesitalianos.com\/site\/wp-json\/wp\/v2\/product"}],"about":[{"href":"https:\/\/mueblesitalianos.com\/site\/wp-json\/wp\/v2\/types\/product"}],"wp:featuredmedia":[{"embeddable":true,"href":"https:\/\/mueblesitalianos.com\/site\/wp-json\/wp\/v2\/media\/2695"}],"wp:attachment":[{"href":"https:\/\/mueblesitalianos.com\/site\/wp-json\/wp\/v2\/media?parent=1087"}],"wp:term":[{"taxonomy":"product_cat","embeddable":true,"href":"https:\/\/mueblesitalianos.com\/site\/wp-json\/wp\/v2\/product_cat?post=1087"},{"taxonomy":"product_tag","embeddable":true,"href":"https:\/\/mueblesitalianos.com\/site\/wp-json\/wp\/v2\/product_tag?post=1087"}],"curies":[{"name":"wp","href":"https:\/\/api.w.org\/{rel}","templated":true}]}}