{"id":1095,"date":"2022-10-18T20:45:09","date_gmt":"2022-10-18T20:45:09","guid":{"rendered":"https:\/\/mueblesitalianos.com\/site\/?post_type=product&#038;p=1095"},"modified":"2023-10-28T01:42:53","modified_gmt":"2023-10-28T01:42:53","slug":"peak-table","status":"publish","type":"product","link":"https:\/\/mueblesitalianos.com\/site\/producto\/peak-table\/","title":{"rendered":"Peak Table"},"content":{"rendered":"<p>Peak es una mesa exc\u00e9ntrica de 50 cm de altura, disponible en versi\u00f3n est\u00e1ndar o luminosa y dise\u00f1ada por el estudio Aksu y Suardi. Peak tiene un dise\u00f1o extremadamente lineal: su base tiene una forma c\u00f3nica hecha en polietileno, con una tapa redonda o cuadrada en vidrio templado en diferentes dimensiones. La principal caracter\u00edstica de Peak es el botellero central, ideal para ocasiones especiales. Peak es ideal para crear un ambiente de ensue\u00f1o, gracias a la tenue luz de su base. Paek est\u00e1 disponible en versi\u00f3n luminosa y en todos los colores est\u00e1ndar y lacados.<\/p>\n","protected":false},"excerpt":{"rendered":"<p>est\u00e1 disponible en versi\u00f3n luminosa y en todos los colores est\u00e1ndar y lacados.<\/p>\n","protected":false},"featured_media":1195,"template":"","meta":{"_joinchat":[]},"product_cat":[17],"product_tag":[],"class_list":{"0":"post-1095","1":"product","2":"type-product","3":"status-publish","4":"has-post-thumbnail","6":"product_cat-slide-collection","8":"first","9":"instock","10":"shipping-taxable","11":"purchasable","12":"product-type-simple"},"aioseo_notices":[],"_links":{"self":[{"href":"https:\/\/mueblesitalianos.com\/site\/wp-json\/wp\/v2\/product\/1095","targetHints":{"allow":["GET"]}}],"collection":[{"href":"https:\/\/mueblesitalianos.com\/site\/wp-json\/wp\/v2\/product"}],"about":[{"href":"https:\/\/mueblesitalianos.com\/site\/wp-json\/wp\/v2\/types\/product"}],"wp:featuredmedia":[{"embeddable":true,"href":"https:\/\/mueblesitalianos.com\/site\/wp-json\/wp\/v2\/media\/1195"}],"wp:attachment":[{"href":"https:\/\/mueblesitalianos.com\/site\/wp-json\/wp\/v2\/media?parent=1095"}],"wp:term":[{"taxonomy":"product_cat","embeddable":true,"href":"https:\/\/mueblesitalianos.com\/site\/wp-json\/wp\/v2\/product_cat?post=1095"},{"taxonomy":"product_tag","embeddable":true,"href":"https:\/\/mueblesitalianos.com\/site\/wp-json\/wp\/v2\/product_tag?post=1095"}],"curies":[{"name":"wp","href":"https:\/\/api.w.org\/{rel}","templated":true}]}}