{"id":1333,"date":"2022-10-21T14:48:20","date_gmt":"2022-10-21T14:48:20","guid":{"rendered":"https:\/\/mueblesitalianos.com\/site\/?post_type=product&#038;p=1333"},"modified":"2022-10-21T14:48:50","modified_gmt":"2022-10-21T14:48:50","slug":"skyline-wood-c","status":"publish","type":"product","link":"https:\/\/mueblesitalianos.com\/site\/producto\/skyline-wood-c\/","title":{"rendered":"SKYLINE Wood-C Consola"},"content":{"rendered":"<p>La l\u00ednea de consolas\u00a0<strong>Skyline<\/strong>\u00a0se inspira en los perfiles de las metr\u00f3polis, que adornan el horizonte con l\u00edneas esbeltas y vol\u00fa\u00a0menes tridimensionales. La base de acero barnizado refleja la luz desde diferentes \u00e1\u00a0ngulos, creando un efecto claroscuro que var\u00eda seg\u00fa\u00a0n la iluminaci\u00f3n del entrono. Las\u00a0<strong>tapas de madera<\/strong>\u00a0o cer\u00e1\u00a0mica est\u00e1\u00a0n producidos con materiales de alta calidad y con la atenci\u00f3n al detalle t\u00edpica de la manufactura italiana. La\u00a0<strong>consola de madera<\/strong>\u00a0Skyline tiene bordes irregulares de macizo, mientras que la consola de entrada\u00a0<strong>Skyline Wood-C<\/strong>\u00a0tiene un perfil inferior redondeado y barnizado, que enmarca el sobre en cer\u00e1\u00a0mica. La refinada consola\u00a0<strong>Skyline Keramik Premium<\/strong>\u00a0destaca por el sobre en cer\u00e1\u00a0mica y su perfil espeso.<\/p>\n","protected":false},"excerpt":{"rendered":"<p>Consola con base en acero barnizado gofrado titanio<\/p>\n","protected":false},"featured_media":1334,"template":"","meta":{"_joinchat":[]},"product_cat":[21],"product_tag":[],"class_list":{"0":"post-1333","1":"product","2":"type-product","3":"status-publish","4":"has-post-thumbnail","6":"product_cat-cattelan-italia-collection","8":"first","9":"outofstock","10":"shipping-taxable","11":"purchasable","12":"product-type-simple"},"aioseo_notices":[],"_links":{"self":[{"href":"https:\/\/mueblesitalianos.com\/site\/wp-json\/wp\/v2\/product\/1333","targetHints":{"allow":["GET"]}}],"collection":[{"href":"https:\/\/mueblesitalianos.com\/site\/wp-json\/wp\/v2\/product"}],"about":[{"href":"https:\/\/mueblesitalianos.com\/site\/wp-json\/wp\/v2\/types\/product"}],"wp:featuredmedia":[{"embeddable":true,"href":"https:\/\/mueblesitalianos.com\/site\/wp-json\/wp\/v2\/media\/1334"}],"wp:attachment":[{"href":"https:\/\/mueblesitalianos.com\/site\/wp-json\/wp\/v2\/media?parent=1333"}],"wp:term":[{"taxonomy":"product_cat","embeddable":true,"href":"https:\/\/mueblesitalianos.com\/site\/wp-json\/wp\/v2\/product_cat?post=1333"},{"taxonomy":"product_tag","embeddable":true,"href":"https:\/\/mueblesitalianos.com\/site\/wp-json\/wp\/v2\/product_tag?post=1333"}],"curies":[{"name":"wp","href":"https:\/\/api.w.org\/{rel}","templated":true}]}}