{"id":1346,"date":"2022-10-21T14:58:06","date_gmt":"2022-10-21T14:58:06","guid":{"rendered":"https:\/\/mueblesitalianos.com\/site\/?post_type=product&#038;p=1346"},"modified":"2022-10-21T14:58:06","modified_gmt":"2022-10-21T14:58:06","slug":"belinda-chair","status":"publish","type":"product","link":"https:\/\/mueblesitalianos.com\/site\/producto\/belinda-chair\/","title":{"rendered":"Belinda Chair"},"content":{"rendered":"<p>Las sillas\u00a0<b>Belinda<\/b>\u00a0son la expresi\u00f3n de un dise\u00f1o confortable y envolvente. Con delicados pliegues en el respaldo y una ligera curvatura del bastidor, esta\u00a0<strong>silla de dise\u00f1o para mesa de comedor<\/strong>\u00a0encuentra su m\u00e1xima expresi\u00f3n en la versi\u00f3n de la\u00a0<strong>silla con apoyabrazos<\/strong>, que parecen abrazar todo el asiento. La estructura de madera de la\u00a0<strong>silla de piel<\/strong>\u00a0Belinda presenta vetas naturales del material que imponen su personalidad. Mientras que en la versi\u00f3n\u00a0<b>Belinda ML<\/b>, las patas de acero brindan un aspecto m\u00e1s longil\u00edneo y luminoso, como as\u00ed tambi\u00e9n la ventaja de poder manipularla con m\u00e1s facilidad, siendo adecuado para los proyectos de\u00a0<strong>dise\u00f1o de interiores<\/strong>.<\/p>\n","protected":false},"excerpt":{"rendered":"<p>Silla con o sin brazos con estructura en fresno natural<\/p>\n","protected":false},"featured_media":1347,"template":"","meta":{"_joinchat":[]},"product_cat":[21],"product_tag":[],"class_list":{"0":"post-1346","1":"product","2":"type-product","3":"status-publish","4":"has-post-thumbnail","6":"product_cat-cattelan-italia-collection","8":"first","9":"outofstock","10":"shipping-taxable","11":"purchasable","12":"product-type-simple"},"aioseo_notices":[],"_links":{"self":[{"href":"https:\/\/mueblesitalianos.com\/site\/wp-json\/wp\/v2\/product\/1346","targetHints":{"allow":["GET"]}}],"collection":[{"href":"https:\/\/mueblesitalianos.com\/site\/wp-json\/wp\/v2\/product"}],"about":[{"href":"https:\/\/mueblesitalianos.com\/site\/wp-json\/wp\/v2\/types\/product"}],"wp:featuredmedia":[{"embeddable":true,"href":"https:\/\/mueblesitalianos.com\/site\/wp-json\/wp\/v2\/media\/1347"}],"wp:attachment":[{"href":"https:\/\/mueblesitalianos.com\/site\/wp-json\/wp\/v2\/media?parent=1346"}],"wp:term":[{"taxonomy":"product_cat","embeddable":true,"href":"https:\/\/mueblesitalianos.com\/site\/wp-json\/wp\/v2\/product_cat?post=1346"},{"taxonomy":"product_tag","embeddable":true,"href":"https:\/\/mueblesitalianos.com\/site\/wp-json\/wp\/v2\/product_tag?post=1346"}],"curies":[{"name":"wp","href":"https:\/\/api.w.org\/{rel}","templated":true}]}}