{"id":1351,"date":"2022-10-25T18:17:56","date_gmt":"2022-10-25T18:17:56","guid":{"rendered":"https:\/\/mueblesitalianos.com\/site\/?post_type=product&#038;p=1351"},"modified":"2022-10-25T18:17:56","modified_gmt":"2022-10-25T18:17:56","slug":"camilla-ml","status":"publish","type":"product","link":"https:\/\/mueblesitalianos.com\/site\/producto\/camilla-ml\/","title":{"rendered":"Camilla ML"},"content":{"rendered":"<p>Un dise\u00f1o de l\u00edneas curvil\u00edneas, que envuelven el cuerpo, sostienen la postura y convierten un\u00a0<strong>comedor moderno<\/strong>\u00a0en un ambiente acogedor, que permite sentirse en casa. El sill\u00f3n\u00a0<b>Camilla<\/b>\u00a0es el perfecto ejemplo de\u00a0<strong>silla con apoyabrazos acolchada<\/strong>, que completa una habitaci\u00f3n con la delicadeza y la sensualidad deseables en un entorno residencial. Las costuras horizontales en la parte trasera del respaldo generan 3 salientes acolchadas que terminan en el apoyabrazos con uniformidad y una notable fluidez. En el \u00e1rea inferior de la parte trasera del respaldo, la estructura profunda y el acoplamiento de las patas destacan a\u00fan m\u00e1s la suavidad de las curvas envolventes. Este\u00a0<strong>sill\u00f3n de dise\u00f1o<\/strong>\u00a0se fabrica en dos variantes:\u00a0<b>Camilla<\/b>\u00a0con patas de refinada madera, y\u00a0<b>Camilla ML<\/b>\u00a0con patas de metal, m\u00e1s liviana y f\u00e1cil de manipular. Ambas variantes encuentran el perfecto equilibrio entre el voluminoso asiento y las agraciadas patas.<\/p>\n","protected":false},"excerpt":{"rendered":"<p>Silla con estructura en acero barnizado gofrado titanio<\/p>\n","protected":false},"featured_media":1352,"template":"","meta":{"_joinchat":[]},"product_cat":[21],"product_tag":[],"class_list":{"0":"post-1351","1":"product","2":"type-product","3":"status-publish","4":"has-post-thumbnail","6":"product_cat-cattelan-italia-collection","8":"first","9":"outofstock","10":"shipping-taxable","11":"purchasable","12":"product-type-simple"},"aioseo_notices":[],"_links":{"self":[{"href":"https:\/\/mueblesitalianos.com\/site\/wp-json\/wp\/v2\/product\/1351","targetHints":{"allow":["GET"]}}],"collection":[{"href":"https:\/\/mueblesitalianos.com\/site\/wp-json\/wp\/v2\/product"}],"about":[{"href":"https:\/\/mueblesitalianos.com\/site\/wp-json\/wp\/v2\/types\/product"}],"wp:featuredmedia":[{"embeddable":true,"href":"https:\/\/mueblesitalianos.com\/site\/wp-json\/wp\/v2\/media\/1352"}],"wp:attachment":[{"href":"https:\/\/mueblesitalianos.com\/site\/wp-json\/wp\/v2\/media?parent=1351"}],"wp:term":[{"taxonomy":"product_cat","embeddable":true,"href":"https:\/\/mueblesitalianos.com\/site\/wp-json\/wp\/v2\/product_cat?post=1351"},{"taxonomy":"product_tag","embeddable":true,"href":"https:\/\/mueblesitalianos.com\/site\/wp-json\/wp\/v2\/product_tag?post=1351"}],"curies":[{"name":"wp","href":"https:\/\/api.w.org\/{rel}","templated":true}]}}