{"id":1370,"date":"2022-10-25T22:29:39","date_gmt":"2022-10-25T22:29:39","guid":{"rendered":"https:\/\/mueblesitalianos.com\/site\/?post_type=product&#038;p=1370"},"modified":"2022-10-25T22:29:40","modified_gmt":"2022-10-25T22:29:40","slug":"indy-chair","status":"publish","type":"product","link":"https:\/\/mueblesitalianos.com\/site\/producto\/indy-chair\/","title":{"rendered":"Indy Chair"},"content":{"rendered":"<p>El sill\u00f3n\u00a0<b>Indy<\/b>\u00a0es una propuesta distintiva de dise\u00f1o original. El bastidor, realizado de poliuretano blando, la convierte en una\u00a0<strong>silla c\u00f3moda<\/strong>\u00a0y con un confort mayor con respecto a las cl\u00e1sicas\u00a0<strong>sillas de pl\u00e1stico<\/strong>\u00a0r\u00edgido. Especialmente adecuada para decorar una\u00a0<strong>oficina en casa<\/strong>\u00a0y para proyectos de\u00a0<strong>dise\u00f1o de interiores<\/strong>, permite personalizar la oficina escogiendo entre bases diferentes: fijas, giratorios, de madera, de acero o con ruedas. Adem\u00e1s, para pedidos que superan las 50 piezas, se pueden realizar de un color a elecci\u00f3n, adem\u00e1s de los ofrecidos.<\/p>\n","protected":false},"excerpt":{"rendered":"<p>Butaca en poliuretano blando con distintas bases. Base fija o giratoria en acero barnizado gofrado titanio<\/p>\n","protected":false},"featured_media":1371,"template":"","meta":{"_joinchat":[]},"product_cat":[21],"product_tag":[],"class_list":{"0":"post-1370","1":"product","2":"type-product","3":"status-publish","4":"has-post-thumbnail","6":"product_cat-cattelan-italia-collection","8":"first","9":"outofstock","10":"shipping-taxable","11":"purchasable","12":"product-type-simple"},"aioseo_notices":[],"_links":{"self":[{"href":"https:\/\/mueblesitalianos.com\/site\/wp-json\/wp\/v2\/product\/1370","targetHints":{"allow":["GET"]}}],"collection":[{"href":"https:\/\/mueblesitalianos.com\/site\/wp-json\/wp\/v2\/product"}],"about":[{"href":"https:\/\/mueblesitalianos.com\/site\/wp-json\/wp\/v2\/types\/product"}],"wp:featuredmedia":[{"embeddable":true,"href":"https:\/\/mueblesitalianos.com\/site\/wp-json\/wp\/v2\/media\/1371"}],"wp:attachment":[{"href":"https:\/\/mueblesitalianos.com\/site\/wp-json\/wp\/v2\/media?parent=1370"}],"wp:term":[{"taxonomy":"product_cat","embeddable":true,"href":"https:\/\/mueblesitalianos.com\/site\/wp-json\/wp\/v2\/product_cat?post=1370"},{"taxonomy":"product_tag","embeddable":true,"href":"https:\/\/mueblesitalianos.com\/site\/wp-json\/wp\/v2\/product_tag?post=1370"}],"curies":[{"name":"wp","href":"https:\/\/api.w.org\/{rel}","templated":true}]}}