{"id":1416,"date":"2022-10-25T23:02:40","date_gmt":"2022-10-25T23:02:40","guid":{"rendered":"https:\/\/mueblesitalianos.com\/site\/?post_type=product&#038;p=1416"},"modified":"2022-10-25T23:02:40","modified_gmt":"2022-10-25T23:02:40","slug":"cosmos-espejo","status":"publish","type":"product","link":"https:\/\/mueblesitalianos.com\/site\/producto\/cosmos-espejo\/","title":{"rendered":"Cosmos Espejo"},"content":{"rendered":"<p><b>Cosmos<\/b>\u00a0es un\u00a0<strong>espejo de dise\u00f1o<\/strong>\u00a0majestuoso e inigualable, dise\u00f1ado por Lorenzo Remedi. Al dejar volar la imaginaci\u00f3n, representa mucho m\u00e1s que un\u00a0<strong>espejo redondo moderno<\/strong>. Este fascinante objeto es como un portal encantado que ampl\u00eda los l\u00edmites de la habitaci\u00f3n hacia mundos desconocidos. Cosmos est\u00e1 formado por dos elementos diferentes. La porci\u00f3n central espejada, con bordes irregulares, parece dise\u00f1ada a mano alzada instintivamente, con suma naturalidad. Mientras que el borde externo, ubicado por detr\u00e1s, es levemente c\u00f3ncavo. La superficie abujardada no refleja el ambiente de manera n\u00edtida, pero aprovechando la iluminaci\u00f3n del ambiente alrededor, funciona como marco decorativo con un efecto \u00f3ptico l\u00edquido y cambiante. De ello, resulta un\u00a0<strong>espejo moderno<\/strong>\u00a0de forma suave y fluida, que parece envolver la habitaci\u00f3n, abarc\u00e1ndola por completo.<\/p>\n","protected":false},"excerpt":{"rendered":"<p>Espejo de pared todo en cristal reflejado fum\u00e9 o reflejado bronce.<\/p>\n","protected":false},"featured_media":1417,"template":"","meta":{"_joinchat":[]},"product_cat":[21],"product_tag":[],"class_list":{"0":"post-1416","1":"product","2":"type-product","3":"status-publish","4":"has-post-thumbnail","6":"product_cat-cattelan-italia-collection","8":"first","9":"outofstock","10":"shipping-taxable","11":"purchasable","12":"product-type-simple"},"aioseo_notices":[],"_links":{"self":[{"href":"https:\/\/mueblesitalianos.com\/site\/wp-json\/wp\/v2\/product\/1416","targetHints":{"allow":["GET"]}}],"collection":[{"href":"https:\/\/mueblesitalianos.com\/site\/wp-json\/wp\/v2\/product"}],"about":[{"href":"https:\/\/mueblesitalianos.com\/site\/wp-json\/wp\/v2\/types\/product"}],"wp:featuredmedia":[{"embeddable":true,"href":"https:\/\/mueblesitalianos.com\/site\/wp-json\/wp\/v2\/media\/1417"}],"wp:attachment":[{"href":"https:\/\/mueblesitalianos.com\/site\/wp-json\/wp\/v2\/media?parent=1416"}],"wp:term":[{"taxonomy":"product_cat","embeddable":true,"href":"https:\/\/mueblesitalianos.com\/site\/wp-json\/wp\/v2\/product_cat?post=1416"},{"taxonomy":"product_tag","embeddable":true,"href":"https:\/\/mueblesitalianos.com\/site\/wp-json\/wp\/v2\/product_tag?post=1416"}],"curies":[{"name":"wp","href":"https:\/\/api.w.org\/{rel}","templated":true}]}}