{"id":1423,"date":"2022-10-25T23:06:04","date_gmt":"2022-10-25T23:06:04","guid":{"rendered":"https:\/\/mueblesitalianos.com\/site\/?post_type=product&#038;p=1423"},"modified":"2022-10-25T23:06:04","modified_gmt":"2022-10-25T23:06:04","slug":"baban-lamp","status":"publish","type":"product","link":"https:\/\/mueblesitalianos.com\/site\/producto\/baban-lamp\/","title":{"rendered":"Baban Lamp"},"content":{"rendered":"<p><b>Baban<\/b>\u00a0es una composici\u00f3n din\u00e1mica de delicadas pantallas de cristal transparentes, fum\u00e8 y anaranjadas que, colgadas verticalmente, infunden armon\u00eda y elegancia a la habitaci\u00f3n. Las pantallas de esta\u00a0<strong>l\u00e1mpara de techo moderna<\/strong>\u00a0se realizan de diferentes formas y tama\u00f1os, para iluminar con gran originalidad un ambiente de\u00a0<strong>dise\u00f1o contempor\u00e1neo<\/strong>, de manera que resulte inigualable.<\/p>\n","protected":false},"excerpt":{"rendered":"<p>L\u00e1mpara de techo con estructura en acero cromo negro<\/p>\n","protected":false},"featured_media":1424,"template":"","meta":{"_joinchat":[]},"product_cat":[21],"product_tag":[],"class_list":{"0":"post-1423","1":"product","2":"type-product","3":"status-publish","4":"has-post-thumbnail","6":"product_cat-cattelan-italia-collection","8":"first","9":"outofstock","10":"shipping-taxable","11":"purchasable","12":"product-type-simple"},"aioseo_notices":[],"_links":{"self":[{"href":"https:\/\/mueblesitalianos.com\/site\/wp-json\/wp\/v2\/product\/1423","targetHints":{"allow":["GET"]}}],"collection":[{"href":"https:\/\/mueblesitalianos.com\/site\/wp-json\/wp\/v2\/product"}],"about":[{"href":"https:\/\/mueblesitalianos.com\/site\/wp-json\/wp\/v2\/types\/product"}],"wp:featuredmedia":[{"embeddable":true,"href":"https:\/\/mueblesitalianos.com\/site\/wp-json\/wp\/v2\/media\/1424"}],"wp:attachment":[{"href":"https:\/\/mueblesitalianos.com\/site\/wp-json\/wp\/v2\/media?parent=1423"}],"wp:term":[{"taxonomy":"product_cat","embeddable":true,"href":"https:\/\/mueblesitalianos.com\/site\/wp-json\/wp\/v2\/product_cat?post=1423"},{"taxonomy":"product_tag","embeddable":true,"href":"https:\/\/mueblesitalianos.com\/site\/wp-json\/wp\/v2\/product_tag?post=1423"}],"curies":[{"name":"wp","href":"https:\/\/api.w.org\/{rel}","templated":true}]}}