{"id":1426,"date":"2022-10-25T23:07:25","date_gmt":"2022-10-25T23:07:25","guid":{"rendered":"https:\/\/mueblesitalianos.com\/site\/?post_type=product&#038;p=1426"},"modified":"2022-10-25T23:07:25","modified_gmt":"2022-10-25T23:07:25","slug":"cellini-lamp","status":"publish","type":"product","link":"https:\/\/mueblesitalianos.com\/site\/producto\/cellini-lamp\/","title":{"rendered":"Cellini Lamp"},"content":{"rendered":"<p>La\u00a0<strong>l\u00e1mpara de sobremesa de dise\u00f1o<\/strong>\u00a0<b>Cellini<\/b>, dise\u00f1ada por Studio Kronos, est\u00e1 formada por una circunferencia de N\u00edquel, a la cual se aplican cadenas de aluminio, que forman su revestimiento, como una sutil armadura flotante. Cellini se encuentra disponible tanto en la versi\u00f3n redonda como ovalada. El dise\u00f1o de esta\u00a0<strong>l\u00e1mpara de techo moderna<\/strong>\u00a0se inspira en el perfil externo de los ic\u00f3nicos\u00a0<strong>relojes Cellini<\/strong>\u00a0y es el fruto de la uni\u00f3n entre t\u00e9cnicas de fabricaci\u00f3n de vanguardia y la atenci\u00f3n puesta en los detalles, que distingue a la elaboraci\u00f3n de alta calidad.<\/p>\n","protected":false},"excerpt":{"rendered":"<p>L\u00e1mpara de techo con estructura en acero N\u00edquel satinado. Pantalla con cadenas en aluminio niquelado. Bombilla incluida.<\/p>\n","protected":false},"featured_media":1427,"template":"","meta":{"_joinchat":[]},"product_cat":[21],"product_tag":[],"class_list":{"0":"post-1426","1":"product","2":"type-product","3":"status-publish","4":"has-post-thumbnail","6":"product_cat-cattelan-italia-collection","8":"first","9":"outofstock","10":"shipping-taxable","11":"purchasable","12":"product-type-simple"},"aioseo_notices":[],"_links":{"self":[{"href":"https:\/\/mueblesitalianos.com\/site\/wp-json\/wp\/v2\/product\/1426","targetHints":{"allow":["GET"]}}],"collection":[{"href":"https:\/\/mueblesitalianos.com\/site\/wp-json\/wp\/v2\/product"}],"about":[{"href":"https:\/\/mueblesitalianos.com\/site\/wp-json\/wp\/v2\/types\/product"}],"wp:featuredmedia":[{"embeddable":true,"href":"https:\/\/mueblesitalianos.com\/site\/wp-json\/wp\/v2\/media\/1427"}],"wp:attachment":[{"href":"https:\/\/mueblesitalianos.com\/site\/wp-json\/wp\/v2\/media?parent=1426"}],"wp:term":[{"taxonomy":"product_cat","embeddable":true,"href":"https:\/\/mueblesitalianos.com\/site\/wp-json\/wp\/v2\/product_cat?post=1426"},{"taxonomy":"product_tag","embeddable":true,"href":"https:\/\/mueblesitalianos.com\/site\/wp-json\/wp\/v2\/product_tag?post=1426"}],"curies":[{"name":"wp","href":"https:\/\/api.w.org\/{rel}","templated":true}]}}