{"id":1493,"date":"2022-10-26T11:52:41","date_gmt":"2022-10-26T11:52:41","guid":{"rendered":"https:\/\/mueblesitalianos.com\/site\/?post_type=product&#038;p=1493"},"modified":"2022-10-26T11:52:41","modified_gmt":"2022-10-26T11:52:41","slug":"alunna-silla","status":"publish","type":"product","link":"https:\/\/mueblesitalianos.com\/site\/producto\/alunna-silla\/","title":{"rendered":"Alunna Silla"},"content":{"rendered":"<p>Alunna nace de la creatividad y experiencia de Emilio Nanni como compa\u00f1era ideal de la mesa Maestro, con la que comparte el principio inspirador y conceptual. El segmento, como entidad geom\u00e9trica primaria y elemento estructural ic\u00f3nico, constituye el rasgo caracter\u00edstico de ambos proyectos. En la silla Alunna, el contraste entre la estructura reticular de la base y el asiento blando crea una combinaci\u00f3n de gran efecto: pura, refinada, sofisticada. Las cuatro patas tubulares se juntan entre s\u00ed, retomando el dise\u00f1o de las patas de Maestro, pero encontrando una soluci\u00f3n menos radical y angulosa: los acabados met\u00e1licos resaltan su delicado entretejido y realzan el asiento acolchado y tapizado. El detalle de las costuras y la funda de dos colores confieren a Alunna un encanto elocuente, que la vuelve deseable en cualquier habitaci\u00f3n de la casa y tambi\u00e9n apta para embellecer la oficina.<\/p>\n","protected":false},"excerpt":{"rendered":"<p>El detalle de las costuras y la funda de dos colores confieren a Alunna un encanto elocuente, que la vuelve deseable en cualquier habitaci\u00f3n de la casa y tambi\u00e9n apta para embellecer la oficina.<\/p>\n","protected":false},"featured_media":1494,"template":"","meta":{"_joinchat":[]},"product_cat":[18],"product_tag":[],"class_list":{"0":"post-1493","1":"product","2":"type-product","3":"status-publish","4":"has-post-thumbnail","6":"product_cat-pianca-collection","8":"first","9":"outofstock","10":"shipping-taxable","11":"purchasable","12":"product-type-simple"},"aioseo_notices":[],"_links":{"self":[{"href":"https:\/\/mueblesitalianos.com\/site\/wp-json\/wp\/v2\/product\/1493","targetHints":{"allow":["GET"]}}],"collection":[{"href":"https:\/\/mueblesitalianos.com\/site\/wp-json\/wp\/v2\/product"}],"about":[{"href":"https:\/\/mueblesitalianos.com\/site\/wp-json\/wp\/v2\/types\/product"}],"wp:featuredmedia":[{"embeddable":true,"href":"https:\/\/mueblesitalianos.com\/site\/wp-json\/wp\/v2\/media\/1494"}],"wp:attachment":[{"href":"https:\/\/mueblesitalianos.com\/site\/wp-json\/wp\/v2\/media?parent=1493"}],"wp:term":[{"taxonomy":"product_cat","embeddable":true,"href":"https:\/\/mueblesitalianos.com\/site\/wp-json\/wp\/v2\/product_cat?post=1493"},{"taxonomy":"product_tag","embeddable":true,"href":"https:\/\/mueblesitalianos.com\/site\/wp-json\/wp\/v2\/product_tag?post=1493"}],"curies":[{"name":"wp","href":"https:\/\/api.w.org\/{rel}","templated":true}]}}