{"id":1499,"date":"2022-10-26T11:58:08","date_gmt":"2022-10-26T11:58:08","guid":{"rendered":"https:\/\/mueblesitalianos.com\/site\/?post_type=product&#038;p=1499"},"modified":"2022-10-26T11:58:08","modified_gmt":"2022-10-26T11:58:08","slug":"eden-sofa","status":"publish","type":"product","link":"https:\/\/mueblesitalianos.com\/site\/producto\/eden-sofa\/","title":{"rendered":"Eden Sof\u00e1"},"content":{"rendered":"<p>Actitud l\u00fadica. Moderno y vers\u00e1til, Eden subvierte todos los esquemas. Totalmente acolchado con espuma de poliuretano de densidad diferenciada, asegura un asiento estable y confortable. Gracias a la ausencia de estructuras r\u00edgidas, es ligero y din\u00e1mico. Los m\u00f3dulos simplemente se conectan entre s\u00ed mediante cremalleras y correas, y una base de tejido t\u00e9cnico garantiza la m\u00e1xima adherencia al suelo. Para delinear los suaves vol\u00famenes, un particular borde en relieve perfila la tapicer\u00eda. La modularidad incluye elementos rectos, laterales, sill\u00f3n, chaise longue y pouf.<\/p>\n","protected":false},"excerpt":{"rendered":"<p>Actitud l\u00fadica. Moderno y vers\u00e1til, Eden subvierte todos los esquemas.<\/p>\n","protected":false},"featured_media":1500,"template":"","meta":{"_joinchat":[]},"product_cat":[18],"product_tag":[],"class_list":{"0":"post-1499","1":"product","2":"type-product","3":"status-publish","4":"has-post-thumbnail","6":"product_cat-pianca-collection","8":"first","9":"outofstock","10":"shipping-taxable","11":"purchasable","12":"product-type-simple"},"aioseo_notices":[],"_links":{"self":[{"href":"https:\/\/mueblesitalianos.com\/site\/wp-json\/wp\/v2\/product\/1499","targetHints":{"allow":["GET"]}}],"collection":[{"href":"https:\/\/mueblesitalianos.com\/site\/wp-json\/wp\/v2\/product"}],"about":[{"href":"https:\/\/mueblesitalianos.com\/site\/wp-json\/wp\/v2\/types\/product"}],"wp:featuredmedia":[{"embeddable":true,"href":"https:\/\/mueblesitalianos.com\/site\/wp-json\/wp\/v2\/media\/1500"}],"wp:attachment":[{"href":"https:\/\/mueblesitalianos.com\/site\/wp-json\/wp\/v2\/media?parent=1499"}],"wp:term":[{"taxonomy":"product_cat","embeddable":true,"href":"https:\/\/mueblesitalianos.com\/site\/wp-json\/wp\/v2\/product_cat?post=1499"},{"taxonomy":"product_tag","embeddable":true,"href":"https:\/\/mueblesitalianos.com\/site\/wp-json\/wp\/v2\/product_tag?post=1499"}],"curies":[{"name":"wp","href":"https:\/\/api.w.org\/{rel}","templated":true}]}}