{"id":1524,"date":"2022-10-26T12:12:57","date_gmt":"2022-10-26T12:12:57","guid":{"rendered":"https:\/\/mueblesitalianos.com\/site\/?post_type=product&#038;p=1524"},"modified":"2022-10-26T12:12:57","modified_gmt":"2022-10-26T12:12:57","slug":"palu-banca","status":"publish","type":"product","link":"https:\/\/mueblesitalianos.com\/site\/producto\/palu-banca\/","title":{"rendered":"Pal\u00fa Banca"},"content":{"rendered":"<p>El soplo del viento resuena en el silencio de la naturaleza: las sugerencias de los ca\u00f1averales se interpretan, dando vida a muebles ligeros, sugerentes y apaciguantes. La nueva colecci\u00f3n Pal\u00f9 atestigua una idea de peque\u00f1as arquitecturas, formadas por la relaci\u00f3n entre presencia y ausencia. Complementos, mesilla de noche y banco, caracterizados por el juego de linealidad entre espacios llenos y vac\u00edos, y por armon\u00edas profundas. La naturaleza curvil\u00ednea de una secuencia de varillas de madera crea el espacio, indicando el sentido del l\u00edmite en una serie ordenada y con sabor femenino. El marco abraza los vol\u00famenes suspendidos, hechos de aire: un asiento tapizado, un estante de paja de Viena, cajones refinados. En la mesilla de noche, el caj\u00f3n redondo gira y se abre hacia la cama, transform\u00e1ndose en un segundo estante.<\/p>\n","protected":false},"excerpt":{"rendered":"<p>El soplo del viento resuena en el silencio de la naturaleza: las sugerencias de los ca\u00f1averales se interpretan, dando vida a muebles ligeros, sugerentes y apaciguantes.<\/p>\n","protected":false},"featured_media":1525,"template":"","meta":{"_joinchat":[]},"product_cat":[18],"product_tag":[],"class_list":{"0":"post-1524","1":"product","2":"type-product","3":"status-publish","4":"has-post-thumbnail","6":"product_cat-pianca-collection","8":"first","9":"outofstock","10":"shipping-taxable","11":"purchasable","12":"product-type-simple"},"aioseo_notices":[],"_links":{"self":[{"href":"https:\/\/mueblesitalianos.com\/site\/wp-json\/wp\/v2\/product\/1524","targetHints":{"allow":["GET"]}}],"collection":[{"href":"https:\/\/mueblesitalianos.com\/site\/wp-json\/wp\/v2\/product"}],"about":[{"href":"https:\/\/mueblesitalianos.com\/site\/wp-json\/wp\/v2\/types\/product"}],"wp:featuredmedia":[{"embeddable":true,"href":"https:\/\/mueblesitalianos.com\/site\/wp-json\/wp\/v2\/media\/1525"}],"wp:attachment":[{"href":"https:\/\/mueblesitalianos.com\/site\/wp-json\/wp\/v2\/media?parent=1524"}],"wp:term":[{"taxonomy":"product_cat","embeddable":true,"href":"https:\/\/mueblesitalianos.com\/site\/wp-json\/wp\/v2\/product_cat?post=1524"},{"taxonomy":"product_tag","embeddable":true,"href":"https:\/\/mueblesitalianos.com\/site\/wp-json\/wp\/v2\/product_tag?post=1524"}],"curies":[{"name":"wp","href":"https:\/\/api.w.org\/{rel}","templated":true}]}}