{"id":1537,"date":"2022-10-26T12:18:57","date_gmt":"2022-10-26T12:18:57","guid":{"rendered":"https:\/\/mueblesitalianos.com\/site\/?post_type=product&#038;p=1537"},"modified":"2022-10-26T12:18:57","modified_gmt":"2022-10-26T12:18:57","slug":"haik-mesita","status":"publish","type":"product","link":"https:\/\/mueblesitalianos.com\/site\/producto\/haik-mesita\/","title":{"rendered":"Haik Mesita"},"content":{"rendered":"<p>Haik se presenta como una armoniosa integraci\u00f3n de formas geom\u00e9tricas, capaz de reflejar y jugar con la luz de sus hermos\u00edsimos acabados met\u00e1licos, pero tambi\u00e9n de ajustarse con determinaci\u00f3n a ambientes esenciales en las versiones de color Onice, Oceano y Malva. La artesan\u00eda del proceso de fabricaci\u00f3n hace que cada pieza sea \u00fanica. De hecho, la calidad de su realizaci\u00f3n y la naturalidad de sus materiales se perciben a la vista o al tacto. La fuerza innovadora de este objeto en cuanto a construcci\u00f3n, forma, material y acabados, lo convierte en un complemento de decoraci\u00f3n muy distintivo, apto para cualquier ambiente dentro y fuera de la casa. Ecl\u00e9ctico en su interpretaci\u00f3n, se puede utilizar como mesilla de noche, mesita, taburete. En cualquier circunstancia, es un objeto \u00fanico y reconocible, un toque de arte que no se puede desatender.<\/p>\n","protected":false},"excerpt":{"rendered":"<p>Haik se presenta como una armoniosa integraci\u00f3n de formas geom\u00e9tricas, capaz de reflejar y jugar con la luz de sus hermos\u00edsimos acabados met\u00e1licos, pero tambi\u00e9n de ajustarse con determinaci\u00f3n a ambientes esenciales en las versiones de color Onice, Oceano y Malva.<\/p>\n","protected":false},"featured_media":1538,"template":"","meta":{"_joinchat":[]},"product_cat":[18],"product_tag":[],"class_list":{"0":"post-1537","1":"product","2":"type-product","3":"status-publish","4":"has-post-thumbnail","6":"product_cat-pianca-collection","8":"first","9":"outofstock","10":"shipping-taxable","11":"purchasable","12":"product-type-simple"},"aioseo_notices":[],"_links":{"self":[{"href":"https:\/\/mueblesitalianos.com\/site\/wp-json\/wp\/v2\/product\/1537","targetHints":{"allow":["GET"]}}],"collection":[{"href":"https:\/\/mueblesitalianos.com\/site\/wp-json\/wp\/v2\/product"}],"about":[{"href":"https:\/\/mueblesitalianos.com\/site\/wp-json\/wp\/v2\/types\/product"}],"wp:featuredmedia":[{"embeddable":true,"href":"https:\/\/mueblesitalianos.com\/site\/wp-json\/wp\/v2\/media\/1538"}],"wp:attachment":[{"href":"https:\/\/mueblesitalianos.com\/site\/wp-json\/wp\/v2\/media?parent=1537"}],"wp:term":[{"taxonomy":"product_cat","embeddable":true,"href":"https:\/\/mueblesitalianos.com\/site\/wp-json\/wp\/v2\/product_cat?post=1537"},{"taxonomy":"product_tag","embeddable":true,"href":"https:\/\/mueblesitalianos.com\/site\/wp-json\/wp\/v2\/product_tag?post=1537"}],"curies":[{"name":"wp","href":"https:\/\/api.w.org\/{rel}","templated":true}]}}