{"id":1824,"date":"2022-11-12T08:12:13","date_gmt":"2022-11-12T08:12:13","guid":{"rendered":"https:\/\/mueblesitalianos.com\/site\/?post_type=product&#038;p=1824"},"modified":"2023-10-28T06:29:52","modified_gmt":"2023-10-28T06:29:52","slug":"mesa-ring-octagonal","status":"publish","type":"product","link":"https:\/\/mueblesitalianos.com\/site\/producto\/mesa-ring-octagonal\/","title":{"rendered":"Mesa Ring Octagonal"},"content":{"rendered":"<p>Elegantes como joyas, las mesas de caf\u00e9 Ring se inspiran en los cortes de las piedras preciosas cuando se montan en los anillos. La elecci\u00f3n de los acabados busca destacar esta similitud: las estructuras de metal est\u00e1n disponibles en variantes que se corresponden con otras tantas formas. Sobre estas bases literalmente se engarzan las tapas de vidrio, transparentes y levemente coloreadas.<\/p>\n","protected":false},"excerpt":{"rendered":"<p>Elegantes como joyas, las mesas de caf\u00e9 Ring se inspiran en los cortes de las piedras preciosas cuando se montan en los anillos.<\/p>\n","protected":false},"featured_media":1826,"template":"","meta":{"_joinchat":[]},"product_cat":[19],"product_tag":[],"class_list":{"0":"post-1824","1":"product","2":"type-product","3":"status-publish","4":"has-post-thumbnail","6":"product_cat-saba-collection","8":"first","9":"instock","10":"shipping-taxable","11":"purchasable","12":"product-type-simple"},"aioseo_notices":[],"_links":{"self":[{"href":"https:\/\/mueblesitalianos.com\/site\/wp-json\/wp\/v2\/product\/1824","targetHints":{"allow":["GET"]}}],"collection":[{"href":"https:\/\/mueblesitalianos.com\/site\/wp-json\/wp\/v2\/product"}],"about":[{"href":"https:\/\/mueblesitalianos.com\/site\/wp-json\/wp\/v2\/types\/product"}],"wp:featuredmedia":[{"embeddable":true,"href":"https:\/\/mueblesitalianos.com\/site\/wp-json\/wp\/v2\/media\/1826"}],"wp:attachment":[{"href":"https:\/\/mueblesitalianos.com\/site\/wp-json\/wp\/v2\/media?parent=1824"}],"wp:term":[{"taxonomy":"product_cat","embeddable":true,"href":"https:\/\/mueblesitalianos.com\/site\/wp-json\/wp\/v2\/product_cat?post=1824"},{"taxonomy":"product_tag","embeddable":true,"href":"https:\/\/mueblesitalianos.com\/site\/wp-json\/wp\/v2\/product_tag?post=1824"}],"curies":[{"name":"wp","href":"https:\/\/api.w.org\/{rel}","templated":true}]}}