{"id":1857,"date":"2022-11-11T21:36:19","date_gmt":"2022-11-11T21:36:19","guid":{"rendered":"https:\/\/mueblesitalianos.com\/site\/?post_type=product&#038;p=1857"},"modified":"2022-11-11T21:36:20","modified_gmt":"2022-11-11T21:36:20","slug":"fleur-sillon","status":"publish","type":"product","link":"https:\/\/mueblesitalianos.com\/site\/producto\/fleur-sillon\/","title":{"rendered":"Fleur SILLON"},"content":{"rendered":"<p>El sill\u00f3n Fleur y la silla Petite Fleur, dise\u00f1ados por S. Bicego, se inspiran en la gracia de una flor, redise\u00f1ando la ic\u00f3nica silla cantilever y suavizando la estructura de acero.<\/p>\n","protected":false},"excerpt":{"rendered":"<p>El sill\u00f3n Fleur y la silla Petite Fleur, dise\u00f1ados por S. Bicego, se inspiran en la gracia de una flor.<\/p>\n","protected":false},"featured_media":1858,"template":"","meta":{"_joinchat":[]},"product_cat":[19],"product_tag":[],"class_list":{"0":"post-1857","1":"product","2":"type-product","3":"status-publish","4":"has-post-thumbnail","6":"product_cat-saba-collection","8":"first","9":"outofstock","10":"shipping-taxable","11":"purchasable","12":"product-type-simple"},"aioseo_notices":[],"_links":{"self":[{"href":"https:\/\/mueblesitalianos.com\/site\/wp-json\/wp\/v2\/product\/1857","targetHints":{"allow":["GET"]}}],"collection":[{"href":"https:\/\/mueblesitalianos.com\/site\/wp-json\/wp\/v2\/product"}],"about":[{"href":"https:\/\/mueblesitalianos.com\/site\/wp-json\/wp\/v2\/types\/product"}],"wp:featuredmedia":[{"embeddable":true,"href":"https:\/\/mueblesitalianos.com\/site\/wp-json\/wp\/v2\/media\/1858"}],"wp:attachment":[{"href":"https:\/\/mueblesitalianos.com\/site\/wp-json\/wp\/v2\/media?parent=1857"}],"wp:term":[{"taxonomy":"product_cat","embeddable":true,"href":"https:\/\/mueblesitalianos.com\/site\/wp-json\/wp\/v2\/product_cat?post=1857"},{"taxonomy":"product_tag","embeddable":true,"href":"https:\/\/mueblesitalianos.com\/site\/wp-json\/wp\/v2\/product_tag?post=1857"}],"curies":[{"name":"wp","href":"https:\/\/api.w.org\/{rel}","templated":true}]}}