{"id":1866,"date":"2022-11-11T22:41:38","date_gmt":"2022-11-11T22:41:38","guid":{"rendered":"https:\/\/mueblesitalianos.com\/site\/?post_type=product&#038;p=1866"},"modified":"2022-11-11T22:41:39","modified_gmt":"2022-11-11T22:41:39","slug":"new-york-armchair","status":"publish","type":"product","link":"https:\/\/mueblesitalianos.com\/site\/producto\/new-york-armchair\/","title":{"rendered":"New York Armchair"},"content":{"rendered":"<p>New York es una colecci\u00f3n que lleva con orgullo el nombre de la Gran Manzana. Dos almas, uptown y downtown, integradas en un objeto de dise\u00f1o \u00fanico, cuyo tapizado, completamente intercambiable, desvela su innata versatilidad. La ergonom\u00eda ins\u00f3lita y poli\u00e9drica del sill\u00f3n New York invita a un uso personal del tapizado y al bicolor, favoreciendo distintas soluciones crom\u00e1ticas con una elecci\u00f3n \u00fanica. La estructura de barra redonda de hierro est\u00e1 disponible en m\u00faltiples acabados cromados y pintados. Completamente desenfundable.<\/p>\n","protected":false},"excerpt":{"rendered":"<p>New York es una colecci\u00f3n que lleva con orgullo el nombre de la Gran Manzana. Dos almas, uptown y downtown, integradas en un objeto de dise\u00f1o \u00fanico, cuyo tapizado, completamente intercambiable, desvela su innata versatilidad.<\/p>\n","protected":false},"featured_media":1867,"template":"","meta":{"_joinchat":[]},"product_cat":[19],"product_tag":[],"class_list":{"0":"post-1866","1":"product","2":"type-product","3":"status-publish","4":"has-post-thumbnail","6":"product_cat-saba-collection","8":"first","9":"outofstock","10":"shipping-taxable","11":"purchasable","12":"product-type-simple"},"aioseo_notices":[],"_links":{"self":[{"href":"https:\/\/mueblesitalianos.com\/site\/wp-json\/wp\/v2\/product\/1866","targetHints":{"allow":["GET"]}}],"collection":[{"href":"https:\/\/mueblesitalianos.com\/site\/wp-json\/wp\/v2\/product"}],"about":[{"href":"https:\/\/mueblesitalianos.com\/site\/wp-json\/wp\/v2\/types\/product"}],"wp:featuredmedia":[{"embeddable":true,"href":"https:\/\/mueblesitalianos.com\/site\/wp-json\/wp\/v2\/media\/1867"}],"wp:attachment":[{"href":"https:\/\/mueblesitalianos.com\/site\/wp-json\/wp\/v2\/media?parent=1866"}],"wp:term":[{"taxonomy":"product_cat","embeddable":true,"href":"https:\/\/mueblesitalianos.com\/site\/wp-json\/wp\/v2\/product_cat?post=1866"},{"taxonomy":"product_tag","embeddable":true,"href":"https:\/\/mueblesitalianos.com\/site\/wp-json\/wp\/v2\/product_tag?post=1866"}],"curies":[{"name":"wp","href":"https:\/\/api.w.org\/{rel}","templated":true}]}}