{"id":1876,"date":"2022-11-11T22:59:35","date_gmt":"2022-11-11T22:59:35","guid":{"rendered":"https:\/\/mueblesitalianos.com\/site\/?post_type=product&#038;p=1876"},"modified":"2022-11-11T22:59:36","modified_gmt":"2022-11-11T22:59:36","slug":"island-pufs","status":"publish","type":"product","link":"https:\/\/mueblesitalianos.com\/site\/producto\/island-pufs\/","title":{"rendered":"Island PUFS"},"content":{"rendered":"<p>Island es una colecci\u00f3n compuesta por tres pufs cuyas formas org\u00e1nicas recuerdan a las l\u00edneas curvas de las costas lamidas por el mar. La referencia se hace sentir no solo en la planta, sino en todas las dimensiones, recordando al movimiento envolvente del agua que pule y da forma a las piedras. Por este motivo, los vol\u00famenes se perciben de una manera diferente en el espacio dependiendo de la perspectiva desde la que se observen. La base separa visualmente el asiento del suelo y lo deja fluctuar en el espacio. Completamente desenfundable.<\/p>\n","protected":false},"excerpt":{"rendered":"<p>Island es una colecci\u00f3n compuesta por tres pufs cuyas formas org\u00e1nicas recuerdan a las l\u00edneas curvas de las costas lamidas por el mar.<\/p>\n","protected":false},"featured_media":1878,"template":"","meta":{"_joinchat":[]},"product_cat":[19],"product_tag":[],"class_list":{"0":"post-1876","1":"product","2":"type-product","3":"status-publish","4":"has-post-thumbnail","6":"product_cat-saba-collection","8":"first","9":"outofstock","10":"shipping-taxable","11":"purchasable","12":"product-type-simple"},"aioseo_notices":[],"_links":{"self":[{"href":"https:\/\/mueblesitalianos.com\/site\/wp-json\/wp\/v2\/product\/1876","targetHints":{"allow":["GET"]}}],"collection":[{"href":"https:\/\/mueblesitalianos.com\/site\/wp-json\/wp\/v2\/product"}],"about":[{"href":"https:\/\/mueblesitalianos.com\/site\/wp-json\/wp\/v2\/types\/product"}],"wp:featuredmedia":[{"embeddable":true,"href":"https:\/\/mueblesitalianos.com\/site\/wp-json\/wp\/v2\/media\/1878"}],"wp:attachment":[{"href":"https:\/\/mueblesitalianos.com\/site\/wp-json\/wp\/v2\/media?parent=1876"}],"wp:term":[{"taxonomy":"product_cat","embeddable":true,"href":"https:\/\/mueblesitalianos.com\/site\/wp-json\/wp\/v2\/product_cat?post=1876"},{"taxonomy":"product_tag","embeddable":true,"href":"https:\/\/mueblesitalianos.com\/site\/wp-json\/wp\/v2\/product_tag?post=1876"}],"curies":[{"name":"wp","href":"https:\/\/api.w.org\/{rel}","templated":true}]}}