{"id":1879,"date":"2022-11-11T23:04:32","date_gmt":"2022-11-11T23:04:32","guid":{"rendered":"https:\/\/mueblesitalianos.com\/site\/?post_type=product&#038;p=1879"},"modified":"2022-11-11T23:04:32","modified_gmt":"2022-11-11T23:04:32","slug":"petite-fleur-taburete","status":"publish","type":"product","link":"https:\/\/mueblesitalianos.com\/site\/producto\/petite-fleur-taburete\/","title":{"rendered":"Petite Fleur taburete"},"content":{"rendered":"<p>La silla Petite Fleur y el sill\u00f3n Fleur, dise\u00f1ados por S. Bicego, se inspiran en la gracia de una flor, redise\u00f1ando la ic\u00f3nica silla cantilever y suavizando la estructura de acero.<\/p>\n","protected":false},"excerpt":{"rendered":"<p>La silla Petite Fleur y el sill\u00f3n Fleur, dise\u00f1ados por S. Bicego, se inspiran en la gracia de una flor.<\/p>\n","protected":false},"featured_media":1882,"template":"","meta":{"_joinchat":[]},"product_cat":[19],"product_tag":[],"class_list":{"0":"post-1879","1":"product","2":"type-product","3":"status-publish","4":"has-post-thumbnail","6":"product_cat-saba-collection","8":"first","9":"outofstock","10":"shipping-taxable","11":"purchasable","12":"product-type-simple"},"aioseo_notices":[],"_links":{"self":[{"href":"https:\/\/mueblesitalianos.com\/site\/wp-json\/wp\/v2\/product\/1879","targetHints":{"allow":["GET"]}}],"collection":[{"href":"https:\/\/mueblesitalianos.com\/site\/wp-json\/wp\/v2\/product"}],"about":[{"href":"https:\/\/mueblesitalianos.com\/site\/wp-json\/wp\/v2\/types\/product"}],"wp:featuredmedia":[{"embeddable":true,"href":"https:\/\/mueblesitalianos.com\/site\/wp-json\/wp\/v2\/media\/1882"}],"wp:attachment":[{"href":"https:\/\/mueblesitalianos.com\/site\/wp-json\/wp\/v2\/media?parent=1879"}],"wp:term":[{"taxonomy":"product_cat","embeddable":true,"href":"https:\/\/mueblesitalianos.com\/site\/wp-json\/wp\/v2\/product_cat?post=1879"},{"taxonomy":"product_tag","embeddable":true,"href":"https:\/\/mueblesitalianos.com\/site\/wp-json\/wp\/v2\/product_tag?post=1879"}],"curies":[{"name":"wp","href":"https:\/\/api.w.org\/{rel}","templated":true}]}}