{"id":2253,"date":"2022-11-17T02:02:47","date_gmt":"2022-11-17T02:02:47","guid":{"rendered":"https:\/\/mueblesitalianos.com\/site\/?post_type=product&#038;p=2253"},"modified":"2023-10-28T01:41:31","modified_gmt":"2023-10-28T01:41:31","slug":"blos-low-table-2","status":"publish","type":"product","link":"https:\/\/mueblesitalianos.com\/site\/producto\/blos-low-table-2\/","title":{"rendered":"Blos Low Table"},"content":{"rendered":"<p>Blos Low Table dise\u00f1ada por Karim Rashid es la nueva creaci\u00f3n de la colecci\u00f3n Blos: una mesita peque\u00f1a y \u00fatil, con un dise\u00f1o que recuerda a toda la Familia Blos. Gracias a su forma informal y c\u00f3mica, Blos Low Table crea un mobiliario completo para todos los espacios interiores y exteriores, junto con el sill\u00f3n Blos y el sof\u00e1 Blossy. Es apta tanto para el \u00e1mbito dom\u00e9stico como para el contract.<\/p>\n","protected":false},"excerpt":{"rendered":"<p>Blos Low Table dise\u00f1ada por Karim Rashid es la nueva creaci\u00f3n de la colecci\u00f3n Blos: una mesita peque\u00f1a y \u00fatil, con un dise\u00f1o que recuerda a toda la Familia Blos.<\/p>\n","protected":false},"featured_media":2256,"template":"","meta":{"_joinchat":[]},"product_cat":[17],"product_tag":[],"class_list":{"0":"post-2253","1":"product","2":"type-product","3":"status-publish","4":"has-post-thumbnail","6":"product_cat-slide-collection","7":"pa_color-grey","8":"pa_color-white","10":"first","11":"instock","12":"shipping-taxable","13":"purchasable","14":"product-type-simple"},"aioseo_notices":[],"_links":{"self":[{"href":"https:\/\/mueblesitalianos.com\/site\/wp-json\/wp\/v2\/product\/2253","targetHints":{"allow":["GET"]}}],"collection":[{"href":"https:\/\/mueblesitalianos.com\/site\/wp-json\/wp\/v2\/product"}],"about":[{"href":"https:\/\/mueblesitalianos.com\/site\/wp-json\/wp\/v2\/types\/product"}],"wp:featuredmedia":[{"embeddable":true,"href":"https:\/\/mueblesitalianos.com\/site\/wp-json\/wp\/v2\/media\/2256"}],"wp:attachment":[{"href":"https:\/\/mueblesitalianos.com\/site\/wp-json\/wp\/v2\/media?parent=2253"}],"wp:term":[{"taxonomy":"product_cat","embeddable":true,"href":"https:\/\/mueblesitalianos.com\/site\/wp-json\/wp\/v2\/product_cat?post=2253"},{"taxonomy":"product_tag","embeddable":true,"href":"https:\/\/mueblesitalianos.com\/site\/wp-json\/wp\/v2\/product_tag?post=2253"}],"curies":[{"name":"wp","href":"https:\/\/api.w.org\/{rel}","templated":true}]}}