{"id":2323,"date":"2022-11-17T03:18:59","date_gmt":"2022-11-17T03:18:59","guid":{"rendered":"https:\/\/mueblesitalianos.com\/site\/?post_type=product&#038;p=2323"},"modified":"2023-10-27T23:44:27","modified_gmt":"2023-10-27T23:44:27","slug":"low-lita-anniversary","status":"publish","type":"product","link":"https:\/\/mueblesitalianos.com\/site\/producto\/low-lita-anniversary\/","title":{"rendered":"Low Lita Anniversary"},"content":{"rendered":"<p>O celebrate the 10th years of Low Lita low chair, Slide proposes a special edition created by a unique production process, which is the result of great research of polyethylene manufacturing that reveals an amazing aesthetic result.<\/p>\n","protected":false},"excerpt":{"rendered":"<p>Para celebrar los 10 a\u00f1os de la silla baja Low Lita, Slide propone una edici\u00f3n especial creada por un proceso de producci\u00f3n \u00fanico, que es el resultado de una gran investigaci\u00f3n de fabricaci\u00f3n de polietileno que revela un resultado est\u00e9tico sorprendente.<\/p>\n","protected":false},"featured_media":2327,"template":"","meta":{"_joinchat":[]},"product_cat":[17],"product_tag":[],"class_list":{"0":"post-2323","1":"product","2":"type-product","3":"status-publish","4":"has-post-thumbnail","6":"product_cat-slide-collection","8":"first","9":"instock","10":"shipping-taxable","11":"purchasable","12":"product-type-simple"},"aioseo_notices":[],"_links":{"self":[{"href":"https:\/\/mueblesitalianos.com\/site\/wp-json\/wp\/v2\/product\/2323","targetHints":{"allow":["GET"]}}],"collection":[{"href":"https:\/\/mueblesitalianos.com\/site\/wp-json\/wp\/v2\/product"}],"about":[{"href":"https:\/\/mueblesitalianos.com\/site\/wp-json\/wp\/v2\/types\/product"}],"wp:featuredmedia":[{"embeddable":true,"href":"https:\/\/mueblesitalianos.com\/site\/wp-json\/wp\/v2\/media\/2327"}],"wp:attachment":[{"href":"https:\/\/mueblesitalianos.com\/site\/wp-json\/wp\/v2\/media?parent=2323"}],"wp:term":[{"taxonomy":"product_cat","embeddable":true,"href":"https:\/\/mueblesitalianos.com\/site\/wp-json\/wp\/v2\/product_cat?post=2323"},{"taxonomy":"product_tag","embeddable":true,"href":"https:\/\/mueblesitalianos.com\/site\/wp-json\/wp\/v2\/product_tag?post=2323"}],"curies":[{"name":"wp","href":"https:\/\/api.w.org\/{rel}","templated":true}]}}