{"id":2376,"date":"2022-11-17T05:05:24","date_gmt":"2022-11-17T05:05:24","guid":{"rendered":"https:\/\/mueblesitalianos.com\/site\/?post_type=product&#038;p=2376"},"modified":"2023-01-26T12:14:42","modified_gmt":"2023-01-26T12:14:42","slug":"ambrogio-lighting","status":"publish","type":"product","link":"https:\/\/mueblesitalianos.com\/site\/producto\/ambrogio-lighting\/","title":{"rendered":"Ambrogio Lighting"},"content":{"rendered":"<p>Ambrogio es el mayordomo m\u00e1s vers\u00e1til, colorido y verde que jam\u00e1s haya conocido. Ambrogio es la mesa de servicio ideal para proyectos residenciales, escaparates, tienda o cualquier ambiente que necesite un ayudante dispuesto a apoyar en todo lo que desees. Franceso Favaretto rinde homenaje a los bigotes de su padre cuando cre\u00f3 Ambrogio.<\/p>\n","protected":false},"excerpt":{"rendered":"<p>Ambrogio es el mayordomo m\u00e1s vers\u00e1til, colorido y verde que jam\u00e1s haya conocido.<\/p>\n","protected":false},"featured_media":2378,"template":"","meta":{"_joinchat":[]},"product_cat":[17],"product_tag":[],"class_list":{"0":"post-2376","1":"product","2":"type-product","3":"status-publish","4":"has-post-thumbnail","6":"product_cat-slide-collection","7":"pa_color-white","9":"first","10":"outofstock","11":"shipping-taxable","12":"purchasable","13":"product-type-simple"},"aioseo_notices":[],"_links":{"self":[{"href":"https:\/\/mueblesitalianos.com\/site\/wp-json\/wp\/v2\/product\/2376","targetHints":{"allow":["GET"]}}],"collection":[{"href":"https:\/\/mueblesitalianos.com\/site\/wp-json\/wp\/v2\/product"}],"about":[{"href":"https:\/\/mueblesitalianos.com\/site\/wp-json\/wp\/v2\/types\/product"}],"wp:featuredmedia":[{"embeddable":true,"href":"https:\/\/mueblesitalianos.com\/site\/wp-json\/wp\/v2\/media\/2378"}],"wp:attachment":[{"href":"https:\/\/mueblesitalianos.com\/site\/wp-json\/wp\/v2\/media?parent=2376"}],"wp:term":[{"taxonomy":"product_cat","embeddable":true,"href":"https:\/\/mueblesitalianos.com\/site\/wp-json\/wp\/v2\/product_cat?post=2376"},{"taxonomy":"product_tag","embeddable":true,"href":"https:\/\/mueblesitalianos.com\/site\/wp-json\/wp\/v2\/product_tag?post=2376"}],"curies":[{"name":"wp","href":"https:\/\/api.w.org\/{rel}","templated":true}]}}