{"id":2393,"date":"2022-11-17T05:29:32","date_gmt":"2022-11-17T05:29:32","guid":{"rendered":"https:\/\/mueblesitalianos.com\/site\/?post_type=product&#038;p=2393"},"modified":"2023-01-17T17:10:57","modified_gmt":"2023-01-17T17:10:57","slug":"cuchion-kami-yon","status":"publish","type":"product","link":"https:\/\/mueblesitalianos.com\/site\/producto\/cuchion-kami-yon\/","title":{"rendered":"Cuchion Kami Yon"},"content":{"rendered":"<p>El love sofa Kami Yon est\u00e1 fabricado en polietileno con la tecnolog\u00eda de moldeo rotacional y puede volverse m\u00e1s c\u00f3modo a\u00f1adiendo un coj\u00edn de tela impermeable que complete el asiento. Est\u00e1 disponible en versiones est\u00e1ndar, lacado y luminoso.<\/p>\n","protected":false},"excerpt":{"rendered":"<p>El love sofa Kami Yon est\u00e1 fabricado en polietileno con la tecnolog\u00eda de moldeo rotacional y puede volverse m\u00e1s c\u00f3modo a\u00f1adiendo un coj\u00edn de tela impermeable que complete el asiento.<\/p>\n","protected":false},"featured_media":2394,"template":"","meta":{"_joinchat":[]},"product_cat":[17],"product_tag":[],"class_list":{"0":"post-2393","1":"product","2":"type-product","3":"status-publish","4":"has-post-thumbnail","6":"product_cat-slide-collection","7":"pa_color-white","9":"first","10":"instock","11":"shipping-taxable","12":"purchasable","13":"product-type-simple"},"aioseo_notices":[],"_links":{"self":[{"href":"https:\/\/mueblesitalianos.com\/site\/wp-json\/wp\/v2\/product\/2393","targetHints":{"allow":["GET"]}}],"collection":[{"href":"https:\/\/mueblesitalianos.com\/site\/wp-json\/wp\/v2\/product"}],"about":[{"href":"https:\/\/mueblesitalianos.com\/site\/wp-json\/wp\/v2\/types\/product"}],"wp:featuredmedia":[{"embeddable":true,"href":"https:\/\/mueblesitalianos.com\/site\/wp-json\/wp\/v2\/media\/2394"}],"wp:attachment":[{"href":"https:\/\/mueblesitalianos.com\/site\/wp-json\/wp\/v2\/media?parent=2393"}],"wp:term":[{"taxonomy":"product_cat","embeddable":true,"href":"https:\/\/mueblesitalianos.com\/site\/wp-json\/wp\/v2\/product_cat?post=2393"},{"taxonomy":"product_tag","embeddable":true,"href":"https:\/\/mueblesitalianos.com\/site\/wp-json\/wp\/v2\/product_tag?post=2393"}],"curies":[{"name":"wp","href":"https:\/\/api.w.org\/{rel}","templated":true}]}}