{"id":2486,"date":"2022-11-17T15:30:03","date_gmt":"2022-11-17T15:30:03","guid":{"rendered":"https:\/\/mueblesitalianos.com\/site\/?post_type=product&#038;p=2486"},"modified":"2022-11-17T15:30:03","modified_gmt":"2022-11-17T15:30:03","slug":"carrara-modular-sofa","status":"publish","type":"product","link":"https:\/\/mueblesitalianos.com\/site\/producto\/carrara-modular-sofa\/","title":{"rendered":"Carrara Modular Sofa"},"content":{"rendered":"<p>Sof\u00e1 fijo o modular con estructura interna multicapa. Asiento suspendido con correas el\u00e1sticas. Relleno coj\u00edn asiento en poliuretano densidad 35Kg\/m3 y Memory; acolchado del coj\u00edn del respaldo en plum\u00f3n de ganso y pato, lavado y esterilizado. La estructura se eleva del suelo mediante elementos lineales en multicapa negra. El sof\u00e1 se puede tapizar en piel o tela, consulte las categor\u00edas de tapicer\u00eda que se muestran en varios art\u00edculos. La banda decorativa de la base y el elemento &#8220;bandeja&#8221; est\u00e1n siempre revestidos de piel Silky (cat.PL-2). La estructura, los cojines del asiento y los cojines del respaldo son desenfundables solo en las versiones de tela.<\/p>\n","protected":false},"excerpt":{"rendered":"<p>SOF\u00c1 MODULAR<\/p>\n","protected":false},"featured_media":2487,"template":"","meta":{"_joinchat":[]},"product_cat":[20],"product_tag":[],"class_list":{"0":"post-2486","1":"product","2":"type-product","3":"status-publish","4":"has-post-thumbnail","6":"product_cat-fiam-collection","8":"first","9":"outofstock","10":"shipping-taxable","11":"purchasable","12":"product-type-simple"},"aioseo_notices":[],"_links":{"self":[{"href":"https:\/\/mueblesitalianos.com\/site\/wp-json\/wp\/v2\/product\/2486","targetHints":{"allow":["GET"]}}],"collection":[{"href":"https:\/\/mueblesitalianos.com\/site\/wp-json\/wp\/v2\/product"}],"about":[{"href":"https:\/\/mueblesitalianos.com\/site\/wp-json\/wp\/v2\/types\/product"}],"wp:featuredmedia":[{"embeddable":true,"href":"https:\/\/mueblesitalianos.com\/site\/wp-json\/wp\/v2\/media\/2487"}],"wp:attachment":[{"href":"https:\/\/mueblesitalianos.com\/site\/wp-json\/wp\/v2\/media?parent=2486"}],"wp:term":[{"taxonomy":"product_cat","embeddable":true,"href":"https:\/\/mueblesitalianos.com\/site\/wp-json\/wp\/v2\/product_cat?post=2486"},{"taxonomy":"product_tag","embeddable":true,"href":"https:\/\/mueblesitalianos.com\/site\/wp-json\/wp\/v2\/product_tag?post=2486"}],"curies":[{"name":"wp","href":"https:\/\/api.w.org\/{rel}","templated":true}]}}

<p>Sofá fijo o modular con estructura interna multicapa. Asiento suspendido con correas elásticas. Relleno cojín asiento en poliuretano densidad 35Kg/m3 y Memory; acolchado del cojín del respaldo en plumón de ganso y pato, lavado y esterilizado. La estructura se eleva del suelo mediante elementos lineales en multicapa negra. El sofá se puede tapizar en piel o tela, consulte las categorías de tapicería que se muestran en varios artículos. La banda decorativa de la base y el elemento &#8220;bandeja&#8221; están siempre revestidos de piel Silky (cat.PL-2). La estructura, los cojines del asiento y los cojines del respaldo son desenfundables solo en las versiones de tela.</p>

<p>SOFÁ MODULAR</p>
