{"id":2492,"date":"2022-11-17T16:31:24","date_gmt":"2022-11-17T16:31:24","guid":{"rendered":"https:\/\/mueblesitalianos.com\/site\/?post_type=product&#038;p=2492"},"modified":"2022-11-17T16:31:25","modified_gmt":"2022-11-17T16:31:25","slug":"soap","status":"publish","type":"product","link":"https:\/\/mueblesitalianos.com\/site\/producto\/soap\/","title":{"rendered":"Soap"},"content":{"rendered":"<p>Gufram ha estado buscando una respuesta tangible a este antiguo problema, y \u200b\u200bfinalmente TOILETPAPER lleg\u00f3 con la soluci\u00f3n. Maurizion Cattelan y Pierpaolo Ferrari han inventado el Jab\u00f3n, el detergente universal para usar en toda la casa. Para una casa muy grande. Una gran barra de jab\u00f3n. Por fin ahora todo se puede limpiar de forma r\u00e1pida y sencilla: estantes y repisas, hendiduras y \u00e1ngulos, adornos, armarios grandes y sof\u00e1s peque\u00f1os. Todo limpio, algo realmente extraordinario.<\/p>\n","protected":false},"excerpt":{"rendered":"<p>Mesa baja de poliuretano blando, acabada a mano con Guflac\u00ae Ultra.<br \/>\nAdecuado tambi\u00e9n para uso en exteriores.<\/p>\n","protected":false},"featured_media":2494,"template":"","meta":{"_joinchat":[]},"product_cat":[23],"product_tag":[],"class_list":{"0":"post-2492","1":"product","2":"type-product","3":"status-publish","4":"has-post-thumbnail","6":"product_cat-gufram-collection","8":"first","9":"outofstock","10":"shipping-taxable","11":"purchasable","12":"product-type-simple"},"aioseo_notices":[],"_links":{"self":[{"href":"https:\/\/mueblesitalianos.com\/site\/wp-json\/wp\/v2\/product\/2492","targetHints":{"allow":["GET"]}}],"collection":[{"href":"https:\/\/mueblesitalianos.com\/site\/wp-json\/wp\/v2\/product"}],"about":[{"href":"https:\/\/mueblesitalianos.com\/site\/wp-json\/wp\/v2\/types\/product"}],"wp:featuredmedia":[{"embeddable":true,"href":"https:\/\/mueblesitalianos.com\/site\/wp-json\/wp\/v2\/media\/2494"}],"wp:attachment":[{"href":"https:\/\/mueblesitalianos.com\/site\/wp-json\/wp\/v2\/media?parent=2492"}],"wp:term":[{"taxonomy":"product_cat","embeddable":true,"href":"https:\/\/mueblesitalianos.com\/site\/wp-json\/wp\/v2\/product_cat?post=2492"},{"taxonomy":"product_tag","embeddable":true,"href":"https:\/\/mueblesitalianos.com\/site\/wp-json\/wp\/v2\/product_tag?post=2492"}],"curies":[{"name":"wp","href":"https:\/\/api.w.org\/{rel}","templated":true}]}}