{"id":2580,"date":"2023-01-11T18:02:09","date_gmt":"2023-01-11T18:02:09","guid":{"rendered":"https:\/\/mueblesitalianos.com\/site\/?post_type=product&#038;p=2580"},"modified":"2023-01-13T04:27:36","modified_gmt":"2023-01-13T04:27:36","slug":"nuevo-producto","status":"publish","type":"product","link":"https:\/\/mueblesitalianos.com\/site\/producto\/nuevo-producto\/","title":{"rendered":"NUEVO PRODUCTO II"},"content":{"rendered":"<p>Ac\u00e1 ponemos su descripci\u00f3n &#8230;.Ac\u00e1 ponemos su descripci\u00f3n &#8230;.Ac\u00e1 ponemos su descripci\u00f3n &#8230;.Ac\u00e1 ponemos su descripci\u00f3n &#8230;.Ac\u00e1 ponemos su descripci\u00f3n &#8230;.Ac\u00e1 ponemos su descripci\u00f3n &#8230;.Ac\u00e1 ponemos su descripci\u00f3n &#8230;.Ac\u00e1 ponemos su descripci\u00f3n &#8230;.Ac\u00e1 ponemos su descripci\u00f3n &#8230;.Ac\u00e1 ponemos su descripci\u00f3n &#8230;.Ac\u00e1 ponemos su descripci\u00f3n &#8230;.Ac\u00e1 ponemos su descripci\u00f3n &#8230;.<\/p>\n","protected":false},"excerpt":{"rendered":"<p>Ac\u00e1 ponemos su descripci\u00f3n &#8230;.Ac\u00e1 ponemos su descripci\u00f3n &#8230;.Ac\u00e1 ponemos su descripci\u00f3n &#8230;.Ac\u00e1 ponemos su descripci\u00f3n &#8230;.Ac\u00e1 ponemos su descripci\u00f3n &#8230;.Ac\u00e1 ponemos su descripci\u00f3n &#8230;.Ac\u00e1 ponemos su descripci\u00f3n &#8230;.Ac\u00e1 ponemos su descripci\u00f3n &#8230;.Ac\u00e1 ponemos su descripci\u00f3n &#8230;.Ac\u00e1 ponemos su descripci\u00f3n &#8230;.Ac\u00e1 ponemos su descripci\u00f3n &#8230;.Ac\u00e1 ponemos su descripci\u00f3n &#8230;.<\/p>\n","protected":false},"featured_media":2583,"template":"","meta":{"_joinchat":[]},"product_cat":[17],"product_tag":[],"class_list":{"0":"post-2580","1":"product","2":"type-product","3":"status-publish","4":"has-post-thumbnail","6":"product_cat-slide-collection","8":"first","9":"outofstock","10":"shipping-taxable","11":"purchasable","12":"product-type-simple"},"aioseo_notices":[],"_links":{"self":[{"href":"https:\/\/mueblesitalianos.com\/site\/wp-json\/wp\/v2\/product\/2580","targetHints":{"allow":["GET"]}}],"collection":[{"href":"https:\/\/mueblesitalianos.com\/site\/wp-json\/wp\/v2\/product"}],"about":[{"href":"https:\/\/mueblesitalianos.com\/site\/wp-json\/wp\/v2\/types\/product"}],"wp:featuredmedia":[{"embeddable":true,"href":"https:\/\/mueblesitalianos.com\/site\/wp-json\/wp\/v2\/media\/2583"}],"wp:attachment":[{"href":"https:\/\/mueblesitalianos.com\/site\/wp-json\/wp\/v2\/media?parent=2580"}],"wp:term":[{"taxonomy":"product_cat","embeddable":true,"href":"https:\/\/mueblesitalianos.com\/site\/wp-json\/wp\/v2\/product_cat?post=2580"},{"taxonomy":"product_tag","embeddable":true,"href":"https:\/\/mueblesitalianos.com\/site\/wp-json\/wp\/v2\/product_tag?post=2580"}],"curies":[{"name":"wp","href":"https:\/\/api.w.org\/{rel}","templated":true}]}}