{"id":2666,"date":"2023-01-17T21:19:35","date_gmt":"2023-01-17T21:19:35","guid":{"rendered":"https:\/\/mueblesitalianos.com\/site\/?post_type=product&#038;p=2666"},"modified":"2023-05-05T17:21:56","modified_gmt":"2023-05-05T17:21:56","slug":"sting-coffe-table","status":"publish","type":"product","link":"https:\/\/mueblesitalianos.com\/site\/producto\/sting-coffe-table\/","title":{"rendered":"STING COFFE TABLE"},"content":{"rendered":"<p>Las modernas mesas de centro Sting destacan por su elegancia natural y su indudable practicidad. Ligeros y f\u00e1ciles de manejar, son accesorios de sal\u00f3n incre\u00edblemente \u00fatiles y multifuncionales. Estas mesas auxiliares de acero se pueden colocar cerca de sof\u00e1s y sillones, para sujetar dispositivos y revistas o para servir aperitivos a sus invitados en la comodidad de un sal\u00f3n acogedor, flexible y moderno. La base de acero consta de dos patas estrechas de diferentes di\u00e1metros, enriquecidas con exquisitos acabados met\u00e1licos. Inicialmente creado por Paolo Cattelan para tener una tapa de cer\u00e1mica Marmi, Sting luego evolucion\u00f3 a la versi\u00f3n Sting Brushed, con una tapa de acero cepillada a mano alzada por h\u00e1biles artesanos.<\/p>\n","protected":false},"excerpt":{"rendered":"<p>Mesa de centro con base en titanio<\/p>\n","protected":false},"featured_media":2667,"template":"","meta":{"_joinchat":[]},"product_cat":[21],"product_tag":[],"class_list":{"0":"post-2666","1":"product","2":"type-product","3":"status-publish","4":"has-post-thumbnail","6":"product_cat-cattelan-italia-collection","8":"first","9":"instock","10":"shipping-taxable","11":"purchasable","12":"product-type-simple"},"aioseo_notices":[],"_links":{"self":[{"href":"https:\/\/mueblesitalianos.com\/site\/wp-json\/wp\/v2\/product\/2666","targetHints":{"allow":["GET"]}}],"collection":[{"href":"https:\/\/mueblesitalianos.com\/site\/wp-json\/wp\/v2\/product"}],"about":[{"href":"https:\/\/mueblesitalianos.com\/site\/wp-json\/wp\/v2\/types\/product"}],"wp:featuredmedia":[{"embeddable":true,"href":"https:\/\/mueblesitalianos.com\/site\/wp-json\/wp\/v2\/media\/2667"}],"wp:attachment":[{"href":"https:\/\/mueblesitalianos.com\/site\/wp-json\/wp\/v2\/media?parent=2666"}],"wp:term":[{"taxonomy":"product_cat","embeddable":true,"href":"https:\/\/mueblesitalianos.com\/site\/wp-json\/wp\/v2\/product_cat?post=2666"},{"taxonomy":"product_tag","embeddable":true,"href":"https:\/\/mueblesitalianos.com\/site\/wp-json\/wp\/v2\/product_tag?post=2666"}],"curies":[{"name":"wp","href":"https:\/\/api.w.org\/{rel}","templated":true}]}}