{"id":2998,"date":"2023-02-01T20:58:14","date_gmt":"2023-02-01T20:58:14","guid":{"rendered":"https:\/\/mueblesitalianos.com\/site\/?post_type=product&#038;p=2998"},"modified":"2023-11-04T15:00:34","modified_gmt":"2023-11-04T15:00:34","slug":"2998","status":"publish","type":"product","link":"https:\/\/mueblesitalianos.com\/site\/producto\/2998\/","title":{"rendered":""},"content":{"rendered":"<p>Los dulces y plateados sue\u00f1os de nuestros peque\u00f1os son el deseo m\u00e1s dulce al final del d\u00eda, cuando llega el momento de leer su cuento de hadas favorito en el calorcito de la\u00a0<strong>cuna<\/strong>\u00a0. Entre una caricia y otra,\u00a0<strong>los ni\u00f1os<\/strong>\u00a0siempre quieren sentirse seguros, arrullados por sus maravillosos sue\u00f1os de nata montada, y alejar a los monstruos del armario. Un excelente remedio para cuidar los sue\u00f1os de tus hijos es la\u00a0<strong>l\u00e1mpara<\/strong>\u00a0de mesa\u00a0<strong>Teddy Boy<\/strong>\u00a0de\u00a0<strong>Qeeboo<\/strong>\u00a0, un concentrado de ternura infinita y en m\u00faltiples colores. Elige el que mejor combine con la decoraci\u00f3n del\u00a0<strong>dormitorio<\/strong>\u00a0de tus hijos y ll\u00e9nalos de besos antes de dejarlos con un Teddy Boy iluminado para hacerles compa\u00f1\u00eda. A\u00fan mejor si se combina con la\u00a0<a href=\"https:\/\/www.kasa-store.com\/es\/sillas-modernas\/2796-silla-de-diseno-qeeboo-ribbon-chair-fabricada-en-polipropileno.html#\/24-colore-rosa\">silla Ribbon<\/a>\u00a0, una forma elegante de sentarse y leer cuentos de hadas junto a su peque\u00f1o amor.<\/p>\n","protected":false},"excerpt":{"rendered":"<p>&nbsp;<\/p>\n<p>&nbsp;<\/p>\n","protected":false},"featured_media":3000,"template":"","meta":{"_joinchat":[]},"product_cat":[93],"product_tag":[],"class_list":{"0":"post-2998","1":"product","2":"type-product","3":"status-publish","4":"has-post-thumbnail","6":"product_cat-qeeboo","8":"first","9":"instock","10":"shipping-taxable","11":"purchasable","12":"product-type-simple"},"aioseo_notices":[],"_links":{"self":[{"href":"https:\/\/mueblesitalianos.com\/site\/wp-json\/wp\/v2\/product\/2998","targetHints":{"allow":["GET"]}}],"collection":[{"href":"https:\/\/mueblesitalianos.com\/site\/wp-json\/wp\/v2\/product"}],"about":[{"href":"https:\/\/mueblesitalianos.com\/site\/wp-json\/wp\/v2\/types\/product"}],"wp:featuredmedia":[{"embeddable":true,"href":"https:\/\/mueblesitalianos.com\/site\/wp-json\/wp\/v2\/media\/3000"}],"wp:attachment":[{"href":"https:\/\/mueblesitalianos.com\/site\/wp-json\/wp\/v2\/media?parent=2998"}],"wp:term":[{"taxonomy":"product_cat","embeddable":true,"href":"https:\/\/mueblesitalianos.com\/site\/wp-json\/wp\/v2\/product_cat?post=2998"},{"taxonomy":"product_tag","embeddable":true,"href":"https:\/\/mueblesitalianos.com\/site\/wp-json\/wp\/v2\/product_tag?post=2998"}],"curies":[{"name":"wp","href":"https:\/\/api.w.org\/{rel}","templated":true}]}}