{"id":2999,"date":"2023-05-05T16:26:34","date_gmt":"2023-05-05T16:26:34","guid":{"rendered":"https:\/\/mueblesitalianos.com\/site\/?post_type=product&#038;p=2999"},"modified":"2023-10-28T06:21:32","modified_gmt":"2023-10-28T06:21:32","slug":"lampara-teddy-girl","status":"publish","type":"product","link":"https:\/\/mueblesitalianos.com\/site\/producto\/lampara-teddy-girl\/","title":{"rendered":"L\u00c0MPARA TEDDY GIRL"},"content":{"rendered":"<p><span lang=\"EN-US\">Dise\u00f1ada por Stefano Giovannoni con el aspecto de un oso de peluche tradicional, Teddy Girl es una <\/span><span lang=\"EN-US\">l\u00e1mpara de mesa inal\u00e1mbrica recargable que abarca una peque\u00f1a esfera luminosa. T\u00edmido y delicado, saca a la luz el alma tierna del osito de peluche.<\/span>\u00a1Con su suave superficie aterciopelada, Teddy Girl es un llamado a la ternura!<\/p>\n","protected":false},"excerpt":{"rendered":"<p>L\u00e1mpara de ni\u00f1a de peluche con acabado de terciopelo con led recargable<\/p>\n","protected":false},"featured_media":3078,"template":"","meta":{"_joinchat":[]},"product_cat":[93],"product_tag":[],"class_list":{"0":"post-2999","1":"product","2":"type-product","3":"status-publish","4":"has-post-thumbnail","6":"product_cat-qeeboo","8":"first","9":"instock","10":"shipping-taxable","11":"purchasable","12":"product-type-simple"},"aioseo_notices":[],"_links":{"self":[{"href":"https:\/\/mueblesitalianos.com\/site\/wp-json\/wp\/v2\/product\/2999","targetHints":{"allow":["GET"]}}],"collection":[{"href":"https:\/\/mueblesitalianos.com\/site\/wp-json\/wp\/v2\/product"}],"about":[{"href":"https:\/\/mueblesitalianos.com\/site\/wp-json\/wp\/v2\/types\/product"}],"wp:featuredmedia":[{"embeddable":true,"href":"https:\/\/mueblesitalianos.com\/site\/wp-json\/wp\/v2\/media\/3078"}],"wp:attachment":[{"href":"https:\/\/mueblesitalianos.com\/site\/wp-json\/wp\/v2\/media?parent=2999"}],"wp:term":[{"taxonomy":"product_cat","embeddable":true,"href":"https:\/\/mueblesitalianos.com\/site\/wp-json\/wp\/v2\/product_cat?post=2999"},{"taxonomy":"product_tag","embeddable":true,"href":"https:\/\/mueblesitalianos.com\/site\/wp-json\/wp\/v2\/product_tag?post=2999"}],"curies":[{"name":"wp","href":"https:\/\/api.w.org\/{rel}","templated":true}]}}