{"id":3066,"date":"2023-05-04T21:16:02","date_gmt":"2023-05-04T21:16:02","guid":{"rendered":"https:\/\/mueblesitalianos.com\/site\/?post_type=product&#038;p=3066"},"modified":"2023-05-04T21:20:58","modified_gmt":"2023-05-04T21:20:58","slug":"manufacturas-louis-vuitton","status":"publish","type":"product","link":"https:\/\/mueblesitalianos.com\/site\/producto\/manufacturas-louis-vuitton\/","title":{"rendered":"Manufacturas Louis Vuitton"},"content":{"rendered":"<p class=\"p1\">Louis Vuitton fomenta la idea de que un taller puede ser un lugar de realizaci\u00f3n e individualidad.\u00a0Un lugar donde se puede aprender, respetar y transmitir el savoir-faire, y fomentar la innovaci\u00f3n, por parte de artesanos que desaf\u00edan rutinariamente la imagen de un taller tradicional.\u00a0En busca de la experiencia regional y la excelencia artesanal, los talleres de Louis Vuitton se extienden a lo largo y ancho de Francia y m\u00e1s all\u00e1, desde Ginebra (Suiza), hasta Fiesso d&#8217;Artico (Italia) e incluso Texas (EE. UU.).\u00a0Los lugares de inter\u00e9s hist\u00f3rico o de extraordinaria belleza natural suelen tener cerca un taller de Louis Vuitton: en Normand\u00eda, la solidez del Mont-Saint-Michel, rodeada por el mar, se puede ver desde el taller de Ducey, y en Beaulieu-sur-Layon, la luz -instalaci\u00f3n inundada promete bajo impacto ambiental.<\/p>\n<p class=\"p1\">Con fotograf\u00edas encargadas exclusivamente para este libro, el volumen muestra las extraordinarias ubicaciones y edificios de los talleres de Louis Vuitton, y los igualmente extraordinarios artesanos que expresan su talento a trav\u00e9s de las creaciones de Louis Vuitton (ba\u00fales, bolsos, fragancias, relojes, zapatos, alta joyer\u00eda y art\u00edculos de confecci\u00f3n). to-wear), mientras lleva las t\u00e9cnicas y el savoir-faire del fundador al siglo XXI.\u00a0Es a estos talleres ya las personas inspiradoras que trabajan all\u00ed a quienes est\u00e1 dedicado este libro.<\/p>\n","protected":false},"excerpt":{"rendered":"<p>Louis Vuitton fomenta la idea de que un taller puede ser un lugar de realizaci\u00f3n e individualidad.<\/p>\n","protected":false},"featured_media":3067,"template":"","meta":{"_joinchat":[]},"product_cat":[90],"product_tag":[],"class_list":{"0":"post-3066","1":"product","2":"type-product","3":"status-publish","4":"has-post-thumbnail","6":"product_cat-assouline","8":"first","9":"instock","10":"shipping-taxable","11":"purchasable","12":"product-type-simple"},"aioseo_notices":[],"_links":{"self":[{"href":"https:\/\/mueblesitalianos.com\/site\/wp-json\/wp\/v2\/product\/3066","targetHints":{"allow":["GET"]}}],"collection":[{"href":"https:\/\/mueblesitalianos.com\/site\/wp-json\/wp\/v2\/product"}],"about":[{"href":"https:\/\/mueblesitalianos.com\/site\/wp-json\/wp\/v2\/types\/product"}],"wp:featuredmedia":[{"embeddable":true,"href":"https:\/\/mueblesitalianos.com\/site\/wp-json\/wp\/v2\/media\/3067"}],"wp:attachment":[{"href":"https:\/\/mueblesitalianos.com\/site\/wp-json\/wp\/v2\/media?parent=3066"}],"wp:term":[{"taxonomy":"product_cat","embeddable":true,"href":"https:\/\/mueblesitalianos.com\/site\/wp-json\/wp\/v2\/product_cat?post=3066"},{"taxonomy":"product_tag","embeddable":true,"href":"https:\/\/mueblesitalianos.com\/site\/wp-json\/wp\/v2\/product_tag?post=3066"}],"curies":[{"name":"wp","href":"https:\/\/api.w.org\/{rel}","templated":true}]}}