{"id":3097,"date":"2023-05-08T17:59:59","date_gmt":"2023-05-08T17:59:59","guid":{"rendered":"https:\/\/mueblesitalianos.com\/site\/?post_type=product&#038;p=3097"},"modified":"2023-10-28T03:59:50","modified_gmt":"2023-10-28T03:59:50","slug":"hamptons-private","status":"publish","type":"product","link":"https:\/\/mueblesitalianos.com\/site\/producto\/hamptons-private\/","title":{"rendered":"HAMPTONS PRIVATE"},"content":{"rendered":"<p>&#8220;Los Hamptons&#8221; es sin\u00f3nimo de lujo. Simplemente mencionar el nombre evoca im\u00e1genes de veladas junto a la piscina, grandiosas fincas frente al mar y d\u00edas interminables en la playa socializando con el escal\u00f3n superior. Pero antes de que esta famosa pen\u00ednsula se convirtiera en el refugio de verano de los glitterati, sus cuarenta millas de dunas de arena proporcionaban el paisaje perfecto para los colonos ingleses. Una vez que la alta sociedad de Nueva York se enter\u00f3 de las encantadoras aldeas y el aire salado, sus miembros, desde los Ford hasta los Vanderbilts, pronto convirtieron a The Hamptons en un oasis de verano. Luego vinieron los creativos que buscaban la soledad, un lugar para escribir y dibujar, lejos de la cacofon\u00eda urbana. John Steinbeck en Sag Harbor. Jackson Pollock en los manantiales. Y Andy Warhol en Montauk. Ahora, Jay-Z y Beyonc\u00e9, Calvin Klein, Madonna, Alec Baldwin y Martha Stewart disfrutan de las casas de Hamptons. Pueden venir de diferentes reinos, pero \u00bfen qu\u00e9 se puede estar de acuerdo todos los habitantes de Hampton, honorarios o oficiales? El lugar cuenta con un encanto \u00fanico, uno que se transforma para satisfacer los deseos de su pr\u00f3ximo invitado de temporada o de su habitante de toda la vida.<\/p>\n","protected":false},"excerpt":{"rendered":"<p><em>Hamptons Private <\/em>invita a los lectores a echar un vistazo detr\u00e1s de los cuidados setos en Amagansett, alquilar un yate en la costa de Springs, experimentar el refugio del surfista que es Ditch Plains y asistir a un partido de polo en Bridgehampton.<\/p>\n","protected":false},"featured_media":3098,"template":"","meta":{"_joinchat":[]},"product_cat":[90],"product_tag":[],"class_list":{"0":"post-3097","1":"product","2":"type-product","3":"status-publish","4":"has-post-thumbnail","6":"product_cat-assouline","8":"first","9":"instock","10":"shipping-taxable","11":"purchasable","12":"product-type-simple"},"aioseo_notices":[],"_links":{"self":[{"href":"https:\/\/mueblesitalianos.com\/site\/wp-json\/wp\/v2\/product\/3097","targetHints":{"allow":["GET"]}}],"collection":[{"href":"https:\/\/mueblesitalianos.com\/site\/wp-json\/wp\/v2\/product"}],"about":[{"href":"https:\/\/mueblesitalianos.com\/site\/wp-json\/wp\/v2\/types\/product"}],"wp:featuredmedia":[{"embeddable":true,"href":"https:\/\/mueblesitalianos.com\/site\/wp-json\/wp\/v2\/media\/3098"}],"wp:attachment":[{"href":"https:\/\/mueblesitalianos.com\/site\/wp-json\/wp\/v2\/media?parent=3097"}],"wp:term":[{"taxonomy":"product_cat","embeddable":true,"href":"https:\/\/mueblesitalianos.com\/site\/wp-json\/wp\/v2\/product_cat?post=3097"},{"taxonomy":"product_tag","embeddable":true,"href":"https:\/\/mueblesitalianos.com\/site\/wp-json\/wp\/v2\/product_tag?post=3097"}],"curies":[{"name":"wp","href":"https:\/\/api.w.org\/{rel}","templated":true}]}}