{"id":3128,"date":"2023-06-02T19:19:08","date_gmt":"2023-06-02T19:19:08","guid":{"rendered":"https:\/\/mueblesitalianos.com\/site\/?post_type=product&#038;p=3128"},"modified":"2023-10-28T04:43:53","modified_gmt":"2023-10-28T04:43:53","slug":"provence-glory","status":"publish","type":"product","link":"https:\/\/mueblesitalianos.com\/site\/producto\/provence-glory\/","title":{"rendered":"Provence Glory"},"content":{"rendered":"<p>Desde ciudades hasta pueblos pintorescos y todo lo dem\u00e1s, la Provenza tiene algo para todos. Nada en las cristalinas aguas del Calanque de Sormiou en Marsella. Conduce de arriba hacia abajo a trav\u00e9s de campos de lavanda en Valensole. Experimenta un bocado de fougasse reci\u00e9n salida del horno, un cl\u00e1sico provenzal. Sosuda los hermosos caballos blancos de la Camarga nativos de la zona. Ubicada en el sur de Francia, la Provenza est\u00e1 en una posici\u00f3n \u00fanica para ser una mezcla cultural del Mediterr\u00e1neo. Los monumentos romanos todav\u00eda prevalecen desde el siglo I d. C. junto con los castillos de la \u00e9poca medieval, un legado variado iluminado por las mimosas y cipreses ind\u00edgenas.<\/p>\n","protected":false},"excerpt":{"rendered":"<p>Desde ciudades hasta pueblos pintorescos y todo lo dem\u00e1s, la Provenza tiene algo para todos. Nada en las cristalinas aguas del Calanque de Sormiou en Marsella. Conduce de arriba hacia abajo a trav\u00e9s de campos de lavanda en Valensole. Experimenta un bocado de fougasse reci\u00e9n salida del horno, un cl\u00e1sico provenzal. Sosuda los hermosos caballos [&hellip;]<\/p>\n","protected":false},"featured_media":3131,"template":"","meta":{"_joinchat":[]},"product_cat":[90],"product_tag":[],"class_list":{"0":"post-3128","1":"product","2":"type-product","3":"status-publish","4":"has-post-thumbnail","6":"product_cat-assouline","8":"first","9":"instock","10":"shipping-taxable","11":"purchasable","12":"product-type-simple"},"aioseo_notices":[],"_links":{"self":[{"href":"https:\/\/mueblesitalianos.com\/site\/wp-json\/wp\/v2\/product\/3128","targetHints":{"allow":["GET"]}}],"collection":[{"href":"https:\/\/mueblesitalianos.com\/site\/wp-json\/wp\/v2\/product"}],"about":[{"href":"https:\/\/mueblesitalianos.com\/site\/wp-json\/wp\/v2\/types\/product"}],"wp:featuredmedia":[{"embeddable":true,"href":"https:\/\/mueblesitalianos.com\/site\/wp-json\/wp\/v2\/media\/3131"}],"wp:attachment":[{"href":"https:\/\/mueblesitalianos.com\/site\/wp-json\/wp\/v2\/media?parent=3128"}],"wp:term":[{"taxonomy":"product_cat","embeddable":true,"href":"https:\/\/mueblesitalianos.com\/site\/wp-json\/wp\/v2\/product_cat?post=3128"},{"taxonomy":"product_tag","embeddable":true,"href":"https:\/\/mueblesitalianos.com\/site\/wp-json\/wp\/v2\/product_tag?post=3128"}],"curies":[{"name":"wp","href":"https:\/\/api.w.org\/{rel}","templated":true}]}}