{"id":3209,"date":"2023-11-02T23:11:06","date_gmt":"2023-11-02T23:11:06","guid":{"rendered":"https:\/\/mueblesitalianos.com\/site\/?post_type=product&#038;p=3209"},"modified":"2023-11-04T03:48:15","modified_gmt":"2023-11-04T03:48:15","slug":"valentino-rosso","status":"publish","type":"product","link":"https:\/\/mueblesitalianos.com\/site\/producto\/valentino-rosso\/","title":{"rendered":"Valentino Rosso"},"content":{"rendered":"<p>Nadie entiende el rojo como Valentino.\u00a0En una amplia celebraci\u00f3n y exploraci\u00f3n de la relaci\u00f3n de la Maison italiana con el color, Rosso Valentino extrae m\u00e1s de cincuenta a\u00f1os de uno de los archivos de la moda mejor conservados para crear un cat\u00e1logo razonado definitivo que presenta m\u00e1s de 180 de los vestidos y accesorios m\u00e1s ic\u00f3nicos de la Maison Valentino, desde la legendaria seda. vestidos de gala y creaciones de gasa de alta costura hasta zapatos destalonados \u201cRockstud\u201d de piel de becerro de napa y cinturones con hebilla VLogo Signature con acabados de lat\u00f3n antiguo.<\/p>\n<p>El t\u00edtulo, que abarca desde Valentino Garavani hasta el actual director creativo, Pierpaolo Piccioli, ilustra la conexi\u00f3n incomparable de Valentino con uno de los colores m\u00e1s apasionados, seductores, poderosos y culturalmente simb\u00f3licos del mundo.<\/p>\n","protected":false},"excerpt":{"rendered":"<p>Nadie entiende el rojo como Valentino.\u00a0En una amplia celebraci\u00f3n y exploraci\u00f3n de la relaci\u00f3n de la Maison italiana con el color, Rosso Valentino extrae m\u00e1s de cincuenta a\u00f1os de uno de los archivos de la moda mejor conservados para crear un cat\u00e1logo razonado definitivo que presenta m\u00e1s de 180 de los vestidos y accesorios m\u00e1s [&hellip;]<\/p>\n","protected":false},"featured_media":3626,"template":"","meta":{"_joinchat":[]},"product_cat":[90],"product_tag":[],"class_list":{"0":"post-3209","1":"product","2":"type-product","3":"status-publish","4":"has-post-thumbnail","6":"product_cat-assouline","8":"first","9":"instock","10":"shipping-taxable","11":"purchasable","12":"product-type-simple"},"aioseo_notices":[],"_links":{"self":[{"href":"https:\/\/mueblesitalianos.com\/site\/wp-json\/wp\/v2\/product\/3209","targetHints":{"allow":["GET"]}}],"collection":[{"href":"https:\/\/mueblesitalianos.com\/site\/wp-json\/wp\/v2\/product"}],"about":[{"href":"https:\/\/mueblesitalianos.com\/site\/wp-json\/wp\/v2\/types\/product"}],"wp:featuredmedia":[{"embeddable":true,"href":"https:\/\/mueblesitalianos.com\/site\/wp-json\/wp\/v2\/media\/3626"}],"wp:attachment":[{"href":"https:\/\/mueblesitalianos.com\/site\/wp-json\/wp\/v2\/media?parent=3209"}],"wp:term":[{"taxonomy":"product_cat","embeddable":true,"href":"https:\/\/mueblesitalianos.com\/site\/wp-json\/wp\/v2\/product_cat?post=3209"},{"taxonomy":"product_tag","embeddable":true,"href":"https:\/\/mueblesitalianos.com\/site\/wp-json\/wp\/v2\/product_tag?post=3209"}],"curies":[{"name":"wp","href":"https:\/\/api.w.org\/{rel}","templated":true}]}}