{"id":3224,"date":"2023-11-02T23:21:50","date_gmt":"2023-11-02T23:21:50","guid":{"rendered":"https:\/\/mueblesitalianos.com\/site\/?post_type=product&#038;p=3224"},"modified":"2023-11-04T03:52:12","modified_gmt":"2023-11-04T03:52:12","slug":"louis-vuitton-virgil-abloh-balloon-cover","status":"publish","type":"product","link":"https:\/\/mueblesitalianos.com\/site\/producto\/louis-vuitton-virgil-abloh-balloon-cover\/","title":{"rendered":"Louis Vuitton Virgil  Abloh (Balloon Cover)"},"content":{"rendered":"<p>Cuando Virgil Abloh hizo su primera reverencia para Louis Vuitton en junio de 2018, la moda cambi\u00f3 para siempre.\u00a0La \u00faltima incorporaci\u00f3n a la Colecci\u00f3n Classics, Louis Vuitton: Virgil Abloh rinde homenaje a la creatividad innovadora del dise\u00f1ador dentro y fuera de las pasarelas.\u00a0Con m\u00e1s de 250 im\u00e1genes incre\u00edblemente ic\u00f3nicas y reflexiones personales del c\u00edrculo \u00edntimo de Abloh, incluidos Nigo, Naomi Campbell, Luka Sabbat, Kendall Jenner y Kid Cudi, el libro es la cr\u00f3nica definitiva de una asociaci\u00f3n que redefini\u00f3 no s\u00f3lo los c\u00f3digos de vestimenta sino tambi\u00e9n su vocabulario.<\/p>\n<p>Fabricadas en Italia, las ediciones de la colecci\u00f3n Classics est\u00e1n disponibles en dos tapas duras de seda diferentes.\u00a0Una portada presenta una obra de arte de dibujos animados del desfile primavera-verano 2021 de Virgil realizada por el \u00edcono cultural y artista Reggieknow, y la otra portada est\u00e1 tomada de Virgil Abloh para el desfile derivado primavera-verano 2022 de Louis Vuitton en Miami.<\/p>\n<p>Tenga en cuenta que el contenido interior es el mismo para las ediciones Classics y Ultimate.<\/p>\n","protected":false},"excerpt":{"rendered":"<p>Cuando Virgil Abloh hizo su primera reverencia para Louis Vuitton en junio de 2018, la moda cambi\u00f3 para siempre.\u00a0La \u00faltima incorporaci\u00f3n a la Colecci\u00f3n Classics, Louis Vuitton: Virgil Abloh rinde homenaje a la creatividad innovadora del dise\u00f1ador dentro y fuera de las pasarelas.\u00a0Con m\u00e1s de 250 im\u00e1genes incre\u00edblemente ic\u00f3nicas y reflexiones personales del c\u00edrculo \u00edntimo [&hellip;]<\/p>\n","protected":false},"featured_media":3628,"template":"","meta":{"_joinchat":[]},"product_cat":[90],"product_tag":[],"class_list":{"0":"post-3224","1":"product","2":"type-product","3":"status-publish","4":"has-post-thumbnail","6":"product_cat-assouline","8":"first","9":"instock","10":"shipping-taxable","11":"purchasable","12":"product-type-simple"},"aioseo_notices":[],"_links":{"self":[{"href":"https:\/\/mueblesitalianos.com\/site\/wp-json\/wp\/v2\/product\/3224","targetHints":{"allow":["GET"]}}],"collection":[{"href":"https:\/\/mueblesitalianos.com\/site\/wp-json\/wp\/v2\/product"}],"about":[{"href":"https:\/\/mueblesitalianos.com\/site\/wp-json\/wp\/v2\/types\/product"}],"wp:featuredmedia":[{"embeddable":true,"href":"https:\/\/mueblesitalianos.com\/site\/wp-json\/wp\/v2\/media\/3628"}],"wp:attachment":[{"href":"https:\/\/mueblesitalianos.com\/site\/wp-json\/wp\/v2\/media?parent=3224"}],"wp:term":[{"taxonomy":"product_cat","embeddable":true,"href":"https:\/\/mueblesitalianos.com\/site\/wp-json\/wp\/v2\/product_cat?post=3224"},{"taxonomy":"product_tag","embeddable":true,"href":"https:\/\/mueblesitalianos.com\/site\/wp-json\/wp\/v2\/product_tag?post=3224"}],"curies":[{"name":"wp","href":"https:\/\/api.w.org\/{rel}","templated":true}]}}