{"id":3272,"date":"2023-11-03T07:21:54","date_gmt":"2023-11-03T07:21:54","guid":{"rendered":"https:\/\/mueblesitalianos.com\/site\/?post_type=product&#038;p=3272"},"modified":"2023-11-04T06:43:22","modified_gmt":"2023-11-04T06:43:22","slug":"silla-norma-ml-couture","status":"publish","type":"product","link":"https:\/\/mueblesitalianos.com\/site\/producto\/silla-norma-ml-couture\/","title":{"rendered":"SILLA NORMA ML COUTURE"},"content":{"rendered":"<p>De las familias de sillas y taburetes Cattelan Italia,\u00a0<b>Norma<\/b>\u00a0tiene la mayor cantidad de variantes disponibles. Con un dise\u00f1o minimalista y numerosas combinaciones de materiales y acabados, es capaz de responder a m\u00faltiples necesidades en t\u00e9rminos de estilo. La base de la\u00a0<strong>silla moderna<\/strong>\u00a0Norma, est\u00e1 completamente revestida por el mismo refinado material del asiento, mientras que en la versi\u00f3n\u00a0<b>Norma ML<\/b>\u00a0las patas de acero a la vista se pintan a elecci\u00f3n, escogiendo entre una amplia gama de acamados. Es posible otra personalizaci\u00f3n m\u00e1s para la\u00a0<strong>silla de piel<\/strong>\u00a0<b>Norma Couture<\/b>\u00a0o\u00a0<b>Norma ML Couture<\/b>, es decir, una glamurosa colchadura romboidal, que embellece toda la parte trasera del respaldo. La variante de la\u00a0<strong>silla con apoyabrazos<\/strong>\u00a0o con respaldo alto se encuentra disponible en todos los modelos. Completan la gama los modelos de\u00a0<strong>taburetes de cocina<\/strong>\u00a0<b>Norma<\/b>\u00a0y\u00a0<b>Norma ML<\/b>, realizados en 2 alturas y con la variante del respaldo acolchado.<\/p>\n<p>47x55x105h &#8211; H<br \/>\nestructura metal 08 cromo &#8211; asiento piel 948 LINO<\/p>\n","protected":false},"excerpt":{"rendered":"<p>De las familias de sillas y taburetes Cattelan Italia,\u00a0Norma\u00a0tiene la mayor cantidad de variantes disponibles. Con un dise\u00f1o minimalista y numerosas combinaciones de materiales y acabados, es capaz de responder a m\u00faltiples necesidades en t\u00e9rminos de estilo. La base de la\u00a0silla moderna\u00a0Norma, est\u00e1 completamente revestida por el mismo refinado material del asiento, mientras que en [&hellip;]<\/p>\n","protected":false},"featured_media":3663,"template":"","meta":{"_joinchat":[]},"product_cat":[21],"product_tag":[],"class_list":{"0":"post-3272","1":"product","2":"type-product","3":"status-publish","4":"has-post-thumbnail","6":"product_cat-cattelan-italia-collection","8":"first","9":"instock","10":"shipping-taxable","11":"purchasable","12":"product-type-simple"},"aioseo_notices":[],"_links":{"self":[{"href":"https:\/\/mueblesitalianos.com\/site\/wp-json\/wp\/v2\/product\/3272","targetHints":{"allow":["GET"]}}],"collection":[{"href":"https:\/\/mueblesitalianos.com\/site\/wp-json\/wp\/v2\/product"}],"about":[{"href":"https:\/\/mueblesitalianos.com\/site\/wp-json\/wp\/v2\/types\/product"}],"wp:featuredmedia":[{"embeddable":true,"href":"https:\/\/mueblesitalianos.com\/site\/wp-json\/wp\/v2\/media\/3663"}],"wp:attachment":[{"href":"https:\/\/mueblesitalianos.com\/site\/wp-json\/wp\/v2\/media?parent=3272"}],"wp:term":[{"taxonomy":"product_cat","embeddable":true,"href":"https:\/\/mueblesitalianos.com\/site\/wp-json\/wp\/v2\/product_cat?post=3272"},{"taxonomy":"product_tag","embeddable":true,"href":"https:\/\/mueblesitalianos.com\/site\/wp-json\/wp\/v2\/product_tag?post=3272"}],"curies":[{"name":"wp","href":"https:\/\/api.w.org\/{rel}","templated":true}]}}