{"id":3290,"date":"2023-11-03T07:35:58","date_gmt":"2023-11-03T07:35:58","guid":{"rendered":"https:\/\/mueblesitalianos.com\/site\/?post_type=product&#038;p=3290"},"modified":"2023-11-04T06:25:34","modified_gmt":"2023-11-04T06:25:34","slug":"sablier-lampada","status":"publish","type":"product","link":"https:\/\/mueblesitalianos.com\/site\/producto\/sablier-lampada\/","title":{"rendered":"SABLIER LAMPADA"},"content":{"rendered":"<p>La\u00a0<strong>l\u00e1mpara de sobremesa moderna de dise\u00f1o<\/strong>\u00a0<b>Sablier<\/b>\u00a0permite crear infinitas composiciones, formadas por delicadas pantallas de cristal, que colgadas a diferentes alturas, brindan armon\u00eda y elegancia a la habitaci\u00f3n. Esta\u00a0<strong>l\u00e1mpara de techo<\/strong>, que recuerda la forma de un antiguo reloj de arena, permite lograr la mejor composici\u00f3n posible para destacar con distinci\u00f3n su sala de estar.<br \/>\nCada elemento puede colgarse del techo de forma individual o fijarse a un soporte redondo con capacidad de 2 a 24 elementos colgantes, que pueden posicionarse a diferentes alturas y distancias.<\/p>\n<p>*MIX IRIDE-FUME&#8217;* *C\/CAVI LUNG.5MT*<br \/>\n6 UNIDADES<\/p>\n","protected":false},"excerpt":{"rendered":"<p>La\u00a0l\u00e1mpara de sobremesa moderna de dise\u00f1o\u00a0Sablier\u00a0permite crear infinitas composiciones, formadas por delicadas pantallas de cristal, que colgadas a diferentes alturas, brindan armon\u00eda y elegancia a la habitaci\u00f3n. Esta\u00a0l\u00e1mpara de techo, que recuerda la forma de un antiguo reloj de arena, permite lograr la mejor composici\u00f3n posible para destacar con distinci\u00f3n su sala de estar. Cada [&hellip;]<\/p>\n","protected":false},"featured_media":3677,"template":"","meta":{"_joinchat":[]},"product_cat":[21],"product_tag":[],"class_list":{"0":"post-3290","1":"product","2":"type-product","3":"status-publish","4":"has-post-thumbnail","6":"product_cat-cattelan-italia-collection","8":"first","9":"instock","10":"shipping-taxable","11":"purchasable","12":"product-type-simple"},"aioseo_notices":[],"_links":{"self":[{"href":"https:\/\/mueblesitalianos.com\/site\/wp-json\/wp\/v2\/product\/3290","targetHints":{"allow":["GET"]}}],"collection":[{"href":"https:\/\/mueblesitalianos.com\/site\/wp-json\/wp\/v2\/product"}],"about":[{"href":"https:\/\/mueblesitalianos.com\/site\/wp-json\/wp\/v2\/types\/product"}],"wp:featuredmedia":[{"embeddable":true,"href":"https:\/\/mueblesitalianos.com\/site\/wp-json\/wp\/v2\/media\/3677"}],"wp:attachment":[{"href":"https:\/\/mueblesitalianos.com\/site\/wp-json\/wp\/v2\/media?parent=3290"}],"wp:term":[{"taxonomy":"product_cat","embeddable":true,"href":"https:\/\/mueblesitalianos.com\/site\/wp-json\/wp\/v2\/product_cat?post=3290"},{"taxonomy":"product_tag","embeddable":true,"href":"https:\/\/mueblesitalianos.com\/site\/wp-json\/wp\/v2\/product_tag?post=3290"}],"curies":[{"name":"wp","href":"https:\/\/api.w.org\/{rel}","templated":true}]}}