{"id":3300,"date":"2023-11-03T07:42:47","date_gmt":"2023-11-03T07:42:47","guid":{"rendered":"https:\/\/mueblesitalianos.com\/site\/?post_type=product&#038;p=3300"},"modified":"2023-11-04T05:23:23","modified_gmt":"2023-11-04T05:23:23","slug":"mesa-stratos-keramik-premium","status":"publish","type":"product","link":"https:\/\/mueblesitalianos.com\/site\/producto\/mesa-stratos-keramik-premium\/","title":{"rendered":"MESA STRATOS KERAMIK PREMIUM"},"content":{"rendered":"<p>La colecci\u00f3n de\u00a0<strong>mesas de dise\u00f1o Stratos<\/strong>, firmada por Paolo Cattelan y Studio Kronos ofrece medidas \u00fanicas para amueblar una\u00a0<strong>sala de estar moderna<\/strong>. La base de\u00a0<strong>dise\u00f1o contempor\u00e1neo<\/strong>, junto con el sobre personalizable, permiten de realizar m\u00faltiples\u00a0<strong>mesas de dise\u00f1o<\/strong>\u00a0extraordinarias:\u00a0<strong>Stratos Wood<\/strong>,\u00a0<strong>Stratos Keramik<\/strong>,\u00a0<strong>Stratos Keramik Premium<\/strong>\u00a0y\u00a0<strong>Stratos Crystalart<\/strong>. Los acabados exclusivos honran los mejores materiales de la manifactura italiana, con una amplia oferta que incluye refinadas maderas, un\u00a0<strong>tablero de cristal<\/strong>\u00a0con impresi\u00f3n art\u00edstica decorativa en diferentes variantes de color y muchos exclusivos matices cer\u00e1micos.<\/p>\n<p>300x128x73h base GFM11 gofrado<br \/>\ntitanio &#8211; perfil brushed bronze &#8211;<br \/>\nsobre cer\u00e1mica Marmi KM05 Golden<br \/>\nCalacatta mate<\/p>\n","protected":false},"excerpt":{"rendered":"<p>La colecci\u00f3n de\u00a0mesas de dise\u00f1o Stratos, firmada por Paolo Cattelan y Studio Kronos ofrece medidas \u00fanicas para amueblar una\u00a0sala de estar moderna. La base de\u00a0dise\u00f1o contempor\u00e1neo, junto con el sobre personalizable, permiten de realizar m\u00faltiples\u00a0mesas de dise\u00f1o\u00a0extraordinarias:\u00a0Stratos Wood,\u00a0Stratos Keramik,\u00a0Stratos Keramik Premium\u00a0y\u00a0Stratos Crystalart. Los acabados exclusivos honran los mejores materiales de la manifactura italiana, con una [&hellip;]<\/p>\n","protected":false},"featured_media":3657,"template":"","meta":{"_joinchat":[]},"product_cat":[21],"product_tag":[],"class_list":{"0":"post-3300","1":"product","2":"type-product","3":"status-publish","4":"has-post-thumbnail","6":"product_cat-cattelan-italia-collection","8":"first","9":"instock","10":"shipping-taxable","11":"purchasable","12":"product-type-simple"},"aioseo_notices":[],"_links":{"self":[{"href":"https:\/\/mueblesitalianos.com\/site\/wp-json\/wp\/v2\/product\/3300","targetHints":{"allow":["GET"]}}],"collection":[{"href":"https:\/\/mueblesitalianos.com\/site\/wp-json\/wp\/v2\/product"}],"about":[{"href":"https:\/\/mueblesitalianos.com\/site\/wp-json\/wp\/v2\/types\/product"}],"wp:featuredmedia":[{"embeddable":true,"href":"https:\/\/mueblesitalianos.com\/site\/wp-json\/wp\/v2\/media\/3657"}],"wp:attachment":[{"href":"https:\/\/mueblesitalianos.com\/site\/wp-json\/wp\/v2\/media?parent=3300"}],"wp:term":[{"taxonomy":"product_cat","embeddable":true,"href":"https:\/\/mueblesitalianos.com\/site\/wp-json\/wp\/v2\/product_cat?post=3300"},{"taxonomy":"product_tag","embeddable":true,"href":"https:\/\/mueblesitalianos.com\/site\/wp-json\/wp\/v2\/product_tag?post=3300"}],"curies":[{"name":"wp","href":"https:\/\/api.w.org\/{rel}","templated":true}]}}