{"id":3317,"date":"2023-11-03T08:25:48","date_gmt":"2023-11-03T08:25:48","guid":{"rendered":"https:\/\/mueblesitalianos.com\/site\/?post_type=product&#038;p=3317"},"modified":"2024-04-05T18:27:13","modified_gmt":"2024-04-05T18:27:13","slug":"magellano","status":"publish","type":"product","link":"https:\/\/mueblesitalianos.com\/site\/producto\/magellano\/","title":{"rendered":"MAGELLANO"},"content":{"rendered":"<p>La\u00a0<strong>l\u00e1mpara de techo de dise\u00f1o<\/strong>\u00a0<b>Magellano<\/b>\u00a0es una propuesta contempor\u00e1nea para completar el mobiliario de una habitaci\u00f3n con gran impacto est\u00e9tico. Su peculiaridad radica en la forma delicada e irregular, que se destaca en una\u00a0<strong>sala de estar de dise\u00f1o<\/strong>, en contraste con las r\u00edgidas geometr\u00edas estructurales. Esta\u00a0<strong>l\u00e1mpara de techo de dise\u00f1o<\/strong>\u00a0est\u00e1 formada por un anillo de acero con borde bajo, que presenta en el interior una luz LED para irradiar la zona con uniformidad. La forma irregular del anillo recuerda una elaboraci\u00f3n manual, en la cual cada imperfecci\u00f3n es un signo distintivo. Esta\u00a0<strong>l\u00e1mpara de techo moderna<\/strong>\u00a0puede destacar una mesa de comedor refinada o una\u00a0<strong>sala de estar contempor\u00e1nea<\/strong>. Adem\u00e1s, si se las coloca en pares, crean originales composiciones a diferentes alturas. Magellano, adem\u00e1s, puede contar con mando a distancia y regulador de intensidad.<br \/>\nLa l\u00e1mpara se realiza en 2 versiones, por un total de 4 tama\u00f1os disponibles:\u00a0<b>Magellano<\/b>\u00a0y\u00a0<b>Magellano Magnum<\/b>, es decir, un modelo m\u00e1s grande, como el nombre lo sugiere. La posibilidad de crear composiciones combinando todas las versiones disponibles en un \u00fanica l\u00e1mpara de techo de gran impacto y sumamente contempor\u00e1nea permite que esta\u00a0<strong>l\u00e1mpara moderna<\/strong>\u00a0sea altamente personalizable.<\/p>\n<p>100X65<br \/>\nLAMP.*110\/220V*<br \/>\nGOFR.TITANIO *GFM11* *C\/CABLE 4MT*<\/p>\n","protected":false},"excerpt":{"rendered":"<p>La\u00a0l\u00e1mpara de techo de dise\u00f1o\u00a0Magellano\u00a0es una propuesta contempor\u00e1nea para completar el mobiliario de una habitaci\u00f3n con gran impacto est\u00e9tico. Su peculiaridad radica en la forma delicada e irregular, que se destaca en una\u00a0sala de estar de dise\u00f1o, en contraste con las r\u00edgidas geometr\u00edas estructurales. Esta\u00a0l\u00e1mpara de techo de dise\u00f1o\u00a0est\u00e1 formada por un anillo de acero [&hellip;]<\/p>\n","protected":false},"featured_media":3654,"template":"","meta":{"_joinchat":[]},"product_cat":[21],"product_tag":[],"class_list":{"0":"post-3317","1":"product","2":"type-product","3":"status-publish","4":"has-post-thumbnail","6":"product_cat-cattelan-italia-collection","8":"first","9":"outofstock","10":"shipping-taxable","11":"purchasable","12":"product-type-simple"},"aioseo_notices":[],"_links":{"self":[{"href":"https:\/\/mueblesitalianos.com\/site\/wp-json\/wp\/v2\/product\/3317","targetHints":{"allow":["GET"]}}],"collection":[{"href":"https:\/\/mueblesitalianos.com\/site\/wp-json\/wp\/v2\/product"}],"about":[{"href":"https:\/\/mueblesitalianos.com\/site\/wp-json\/wp\/v2\/types\/product"}],"wp:featuredmedia":[{"embeddable":true,"href":"https:\/\/mueblesitalianos.com\/site\/wp-json\/wp\/v2\/media\/3654"}],"wp:attachment":[{"href":"https:\/\/mueblesitalianos.com\/site\/wp-json\/wp\/v2\/media?parent=3317"}],"wp:term":[{"taxonomy":"product_cat","embeddable":true,"href":"https:\/\/mueblesitalianos.com\/site\/wp-json\/wp\/v2\/product_cat?post=3317"},{"taxonomy":"product_tag","embeddable":true,"href":"https:\/\/mueblesitalianos.com\/site\/wp-json\/wp\/v2\/product_tag?post=3317"}],"curies":[{"name":"wp","href":"https:\/\/api.w.org\/{rel}","templated":true}]}}