{"id":3403,"date":"2023-11-03T10:07:27","date_gmt":"2023-11-03T10:07:27","guid":{"rendered":"https:\/\/mueblesitalianos.com\/site\/?post_type=product&#038;p=3403"},"modified":"2023-11-04T06:01:23","modified_gmt":"2023-11-04T06:01:23","slug":"silla-bombe-x","status":"publish","type":"product","link":"https:\/\/mueblesitalianos.com\/site\/producto\/silla-bombe-x\/","title":{"rendered":"SILLA BOMB\u00c8 X"},"content":{"rendered":"<p>La familia de\u00a0<strong>sillas giratorias<\/strong>\u00a0<b>Bomb\u00e8<\/b>\u00a0se caracteriza por un asiento envolvente y abombado. Se trata de un sill\u00f3n que reivindica su espacio e importancia, convirti\u00e9ndose en protagonista de la sala de estar. Bomb\u00e8 es una\u00a0<strong>silla elegante mullida<\/strong>\u00a0con un confortable asiento c\u00f3ncavo, s\u00f3lido y funcional, disponible en una amplia gama de refinados revestimientos.La versi\u00f3n\u00a0<b>Bomb\u00e8 X<\/b>, ideal como c\u00f3moda\u00a0<strong>silla de oficina<\/strong>, presenta una base con 4 radios de acero pintado.<\/p>\n<p>63x64x81h base metal<br \/>\nGFM11 gofrado titanio &#8211; asiento<br \/>\npiel 951 CASTORO<\/p>\n","protected":false},"excerpt":{"rendered":"<p>La familia de\u00a0sillas giratorias\u00a0Bomb\u00e8\u00a0se caracteriza por un asiento envolvente y abombado. Se trata de un sill\u00f3n que reivindica su espacio e importancia, convirti\u00e9ndose en protagonista de la sala de estar. Bomb\u00e8 es una\u00a0silla elegante mullida\u00a0con un confortable asiento c\u00f3ncavo, s\u00f3lido y funcional, disponible en una amplia gama de refinados revestimientos.La versi\u00f3n\u00a0Bomb\u00e8 X, ideal como c\u00f3moda\u00a0silla [&hellip;]<\/p>\n","protected":false},"featured_media":3649,"template":"","meta":{"_joinchat":[]},"product_cat":[21],"product_tag":[],"class_list":{"0":"post-3403","1":"product","2":"type-product","3":"status-publish","4":"has-post-thumbnail","6":"product_cat-cattelan-italia-collection","8":"first","9":"instock","10":"shipping-taxable","11":"purchasable","12":"product-type-simple"},"aioseo_notices":[],"_links":{"self":[{"href":"https:\/\/mueblesitalianos.com\/site\/wp-json\/wp\/v2\/product\/3403","targetHints":{"allow":["GET"]}}],"collection":[{"href":"https:\/\/mueblesitalianos.com\/site\/wp-json\/wp\/v2\/product"}],"about":[{"href":"https:\/\/mueblesitalianos.com\/site\/wp-json\/wp\/v2\/types\/product"}],"wp:featuredmedia":[{"embeddable":true,"href":"https:\/\/mueblesitalianos.com\/site\/wp-json\/wp\/v2\/media\/3649"}],"wp:attachment":[{"href":"https:\/\/mueblesitalianos.com\/site\/wp-json\/wp\/v2\/media?parent=3403"}],"wp:term":[{"taxonomy":"product_cat","embeddable":true,"href":"https:\/\/mueblesitalianos.com\/site\/wp-json\/wp\/v2\/product_cat?post=3403"},{"taxonomy":"product_tag","embeddable":true,"href":"https:\/\/mueblesitalianos.com\/site\/wp-json\/wp\/v2\/product_tag?post=3403"}],"curies":[{"name":"wp","href":"https:\/\/api.w.org\/{rel}","templated":true}]}}