{"id":3408,"date":"2023-11-03T10:09:44","date_gmt":"2023-11-03T10:09:44","guid":{"rendered":"https:\/\/mueblesitalianos.com\/site\/?post_type=product&#038;p=3408"},"modified":"2023-11-04T06:02:28","modified_gmt":"2023-11-04T06:02:28","slug":"silla-bombe","status":"publish","type":"product","link":"https:\/\/mueblesitalianos.com\/site\/producto\/silla-bombe\/","title":{"rendered":"SILLA BOMB\u00c8"},"content":{"rendered":"<p>La familia de\u00a0<strong>sillas giratorias con mecanismo de retorno<\/strong>\u00a0<b>Bomb\u00e8<\/b>\u00a0se caracteriza por un asiento envolvente y abombado.<br \/>\nSe trata de un sill\u00f3n que reivindica su espacio e importancia, convirti\u00e9ndose en protagonista de la sala de estar. Bomb\u00e8 es una\u00a0<strong>silla elegante mullida<\/strong>\u00a0con un confortable asiento c\u00f3ncavo, s\u00f3lido y funcional, disponible en una amplia gama de refinados revestimientos.<br \/>\nLa versi\u00f3n\u00a0<b>Bomb\u00e8 X<\/b>, ideal como c\u00f3moda\u00a0<strong>silla de oficina<\/strong>, presenta una base con 4 radios de acero pintado.<\/p>\n<p>63x64x81h base metal<br \/>\nGFM69 gofrado graphite &#8211; madera fr73<br \/>\nfresno barnizado negro mate a<br \/>\nporo abierto &#8211; asiento piel 951<br \/>\nCASTORO<\/p>\n","protected":false},"excerpt":{"rendered":"<p>La familia de\u00a0sillas giratorias con mecanismo de retorno\u00a0Bomb\u00e8\u00a0se caracteriza por un asiento envolvente y abombado. Se trata de un sill\u00f3n que reivindica su espacio e importancia, convirti\u00e9ndose en protagonista de la sala de estar. Bomb\u00e8 es una\u00a0silla elegante mullida\u00a0con un confortable asiento c\u00f3ncavo, s\u00f3lido y funcional, disponible en una amplia gama de refinados revestimientos. La [&hellip;]<\/p>\n","protected":false},"featured_media":3648,"template":"","meta":{"_joinchat":[]},"product_cat":[21],"product_tag":[],"class_list":{"0":"post-3408","1":"product","2":"type-product","3":"status-publish","4":"has-post-thumbnail","6":"product_cat-cattelan-italia-collection","8":"first","9":"instock","10":"shipping-taxable","11":"purchasable","12":"product-type-simple"},"aioseo_notices":[],"_links":{"self":[{"href":"https:\/\/mueblesitalianos.com\/site\/wp-json\/wp\/v2\/product\/3408","targetHints":{"allow":["GET"]}}],"collection":[{"href":"https:\/\/mueblesitalianos.com\/site\/wp-json\/wp\/v2\/product"}],"about":[{"href":"https:\/\/mueblesitalianos.com\/site\/wp-json\/wp\/v2\/types\/product"}],"wp:featuredmedia":[{"embeddable":true,"href":"https:\/\/mueblesitalianos.com\/site\/wp-json\/wp\/v2\/media\/3648"}],"wp:attachment":[{"href":"https:\/\/mueblesitalianos.com\/site\/wp-json\/wp\/v2\/media?parent=3408"}],"wp:term":[{"taxonomy":"product_cat","embeddable":true,"href":"https:\/\/mueblesitalianos.com\/site\/wp-json\/wp\/v2\/product_cat?post=3408"},{"taxonomy":"product_tag","embeddable":true,"href":"https:\/\/mueblesitalianos.com\/site\/wp-json\/wp\/v2\/product_tag?post=3408"}],"curies":[{"name":"wp","href":"https:\/\/api.w.org\/{rel}","templated":true}]}}