{"id":3415,"date":"2023-11-03T10:16:42","date_gmt":"2023-11-03T10:16:42","guid":{"rendered":"https:\/\/mueblesitalianos.com\/site\/?post_type=product&#038;p=3415"},"modified":"2023-11-04T06:41:45","modified_gmt":"2023-11-04T06:41:45","slug":"carrito-brandy","status":"publish","type":"product","link":"https:\/\/mueblesitalianos.com\/site\/producto\/carrito-brandy\/","title":{"rendered":"CARRITO BRANDY"},"content":{"rendered":"<p><b>Brandy<\/b>\u00a0es un\u00a0<strong>carrito de bar moderno<\/strong>\u00a0con un dise\u00f1o sobrio y lineal. La estructura de acero tiene formas esenciales y elegantes, que soportan dos bandejas de madera. La misma esencia preciosa de la madera cubre ambos lados de las grandes ruedas delanteras. El\u00a0<strong>carrito de bar de dise\u00f1o<\/strong>\u00a0est\u00e1 equipado con compartimentos para botellas y un pr\u00e1ctico compartimento abierto de media altura, ambos coordinados con la estructura met\u00e1lica, acabados en pintura grafito. Pr\u00e1ctico y compacto, este carrito de bar es un accesorio elegante pero moderno para recibir a los invitados en una\u00a0<strong>sala de estar de dise\u00f1o<\/strong>.<\/p>\n<p>93.5x35x70h<br \/>\nestructura metal GFM69 gofrado<br \/>\ngraphite &#8211; sobre madera RB roble<br \/>\nahumado<\/p>\n","protected":false},"excerpt":{"rendered":"<p>Brandy\u00a0es un\u00a0carrito de bar moderno\u00a0con un dise\u00f1o sobrio y lineal. La estructura de acero tiene formas esenciales y elegantes, que soportan dos bandejas de madera. La misma esencia preciosa de la madera cubre ambos lados de las grandes ruedas delanteras. El\u00a0carrito de bar de dise\u00f1o\u00a0est\u00e1 equipado con compartimentos para botellas y un pr\u00e1ctico compartimento abierto [&hellip;]<\/p>\n","protected":false},"featured_media":3665,"template":"","meta":{"_joinchat":[]},"product_cat":[21],"product_tag":[],"class_list":{"0":"post-3415","1":"product","2":"type-product","3":"status-publish","4":"has-post-thumbnail","6":"product_cat-cattelan-italia-collection","8":"first","9":"instock","10":"shipping-taxable","11":"purchasable","12":"product-type-simple"},"aioseo_notices":[],"_links":{"self":[{"href":"https:\/\/mueblesitalianos.com\/site\/wp-json\/wp\/v2\/product\/3415","targetHints":{"allow":["GET"]}}],"collection":[{"href":"https:\/\/mueblesitalianos.com\/site\/wp-json\/wp\/v2\/product"}],"about":[{"href":"https:\/\/mueblesitalianos.com\/site\/wp-json\/wp\/v2\/types\/product"}],"wp:featuredmedia":[{"embeddable":true,"href":"https:\/\/mueblesitalianos.com\/site\/wp-json\/wp\/v2\/media\/3665"}],"wp:attachment":[{"href":"https:\/\/mueblesitalianos.com\/site\/wp-json\/wp\/v2\/media?parent=3415"}],"wp:term":[{"taxonomy":"product_cat","embeddable":true,"href":"https:\/\/mueblesitalianos.com\/site\/wp-json\/wp\/v2\/product_cat?post=3415"},{"taxonomy":"product_tag","embeddable":true,"href":"https:\/\/mueblesitalianos.com\/site\/wp-json\/wp\/v2\/product_tag?post=3415"}],"curies":[{"name":"wp","href":"https:\/\/api.w.org\/{rel}","templated":true}]}}