{"id":3431,"date":"2023-11-03T10:29:49","date_gmt":"2023-11-03T10:29:49","guid":{"rendered":"https:\/\/mueblesitalianos.com\/site\/?post_type=product&#038;p=3431"},"modified":"2023-11-04T06:26:29","modified_gmt":"2023-11-04T06:26:29","slug":"consola-etoile","status":"publish","type":"product","link":"https:\/\/mueblesitalianos.com\/site\/producto\/consola-etoile\/","title":{"rendered":"CONSOLA ETOILE"},"content":{"rendered":"<p>La pareja de\u00a0<strong>consolas de dise\u00f1\u00a0o<\/strong>\u00a0Etoile destaca por su elegancia y ligereza. Los encuentros en perspectiva, entre las patas esbeltas y los sobres de dos alturas diferentes, crean un efecto coreogr\u00e1fico que acent\u00faa los acabados preciosos y los detalles de lat\u00f3n. La ligera superposici\u00f3n de las dos\u00a0<strong>consolas modernas<\/strong>\u00a0crea un contraste de luces y sombras ideal para embellecer cualquier ambiente de la casa.<\/p>\n<p>110x25x67h\/<br \/>\n120x25x72h &#8211; 120 Set estructura<br \/>\nmetal brushed brass<\/p>\n","protected":false},"excerpt":{"rendered":"<p>La pareja de\u00a0consolas de dise\u00f1\u00a0o\u00a0Etoile destaca por su elegancia y ligereza. Los encuentros en perspectiva, entre las patas esbeltas y los sobres de dos alturas diferentes, crean un efecto coreogr\u00e1fico que acent\u00faa los acabados preciosos y los detalles de lat\u00f3n. La ligera superposici\u00f3n de las dos\u00a0consolas modernas\u00a0crea un contraste de luces y sombras ideal para [&hellip;]<\/p>\n","protected":false},"featured_media":3676,"template":"","meta":{"_joinchat":[]},"product_cat":[21],"product_tag":[],"class_list":{"0":"post-3431","1":"product","2":"type-product","3":"status-publish","4":"has-post-thumbnail","6":"product_cat-cattelan-italia-collection","8":"first","9":"instock","10":"shipping-taxable","11":"purchasable","12":"product-type-simple"},"aioseo_notices":[],"_links":{"self":[{"href":"https:\/\/mueblesitalianos.com\/site\/wp-json\/wp\/v2\/product\/3431","targetHints":{"allow":["GET"]}}],"collection":[{"href":"https:\/\/mueblesitalianos.com\/site\/wp-json\/wp\/v2\/product"}],"about":[{"href":"https:\/\/mueblesitalianos.com\/site\/wp-json\/wp\/v2\/types\/product"}],"wp:featuredmedia":[{"embeddable":true,"href":"https:\/\/mueblesitalianos.com\/site\/wp-json\/wp\/v2\/media\/3676"}],"wp:attachment":[{"href":"https:\/\/mueblesitalianos.com\/site\/wp-json\/wp\/v2\/media?parent=3431"}],"wp:term":[{"taxonomy":"product_cat","embeddable":true,"href":"https:\/\/mueblesitalianos.com\/site\/wp-json\/wp\/v2\/product_cat?post=3431"},{"taxonomy":"product_tag","embeddable":true,"href":"https:\/\/mueblesitalianos.com\/site\/wp-json\/wp\/v2\/product_tag?post=3431"}],"curies":[{"name":"wp","href":"https:\/\/api.w.org\/{rel}","templated":true}]}}