{"id":3487,"date":"2023-11-03T12:14:52","date_gmt":"2023-11-03T12:14:52","guid":{"rendered":"https:\/\/mueblesitalianos.com\/site\/?post_type=product&#038;p=3487"},"modified":"2023-11-04T07:46:52","modified_gmt":"2023-11-04T07:46:52","slug":"turtle-carry-lamp-white","status":"publish","type":"product","link":"https:\/\/mueblesitalianos.com\/site\/producto\/turtle-carry-lamp-white\/","title":{"rendered":"Turtle Carry Lamp  White"},"content":{"rendered":"<p>Turtle Carry llega a tu casa llevando una bola brillante en su caparaz\u00f3n.\u00a0La l\u00e1mpara Turtle Carry, dise\u00f1ada por Marcantonio, ilumina cualquier rinc\u00f3n de su hogar sin esfuerzo, creando un factor sorpresa y agregando un toque impresionante a la decoraci\u00f3n de su hogar o espacios al aire libre.<\/p>\n","protected":false},"excerpt":{"rendered":"<p>Turtle Carry llega a tu casa llevando una bola brillante en su caparaz\u00f3n.\u00a0La l\u00e1mpara Turtle Carry, dise\u00f1ada por Marcantonio, ilumina cualquier rinc\u00f3n de su hogar sin esfuerzo, creando un factor sorpresa y agregando un toque impresionante a la decoraci\u00f3n de su hogar o espacios al aire libre.<\/p>\n","protected":false},"featured_media":3694,"template":"","meta":{"_joinchat":[]},"product_cat":[93],"product_tag":[],"class_list":{"0":"post-3487","1":"product","2":"type-product","3":"status-publish","4":"has-post-thumbnail","6":"product_cat-qeeboo","8":"first","9":"instock","10":"shipping-taxable","11":"purchasable","12":"product-type-simple"},"aioseo_notices":[],"_links":{"self":[{"href":"https:\/\/mueblesitalianos.com\/site\/wp-json\/wp\/v2\/product\/3487","targetHints":{"allow":["GET"]}}],"collection":[{"href":"https:\/\/mueblesitalianos.com\/site\/wp-json\/wp\/v2\/product"}],"about":[{"href":"https:\/\/mueblesitalianos.com\/site\/wp-json\/wp\/v2\/types\/product"}],"wp:featuredmedia":[{"embeddable":true,"href":"https:\/\/mueblesitalianos.com\/site\/wp-json\/wp\/v2\/media\/3694"}],"wp:attachment":[{"href":"https:\/\/mueblesitalianos.com\/site\/wp-json\/wp\/v2\/media?parent=3487"}],"wp:term":[{"taxonomy":"product_cat","embeddable":true,"href":"https:\/\/mueblesitalianos.com\/site\/wp-json\/wp\/v2\/product_cat?post=3487"},{"taxonomy":"product_tag","embeddable":true,"href":"https:\/\/mueblesitalianos.com\/site\/wp-json\/wp\/v2\/product_tag?post=3487"}],"curies":[{"name":"wp","href":"https:\/\/api.w.org\/{rel}","templated":true}]}}