{"id":3530,"date":"2023-11-03T12:42:14","date_gmt":"2023-11-03T12:42:14","guid":{"rendered":"https:\/\/mueblesitalianos.com\/site\/?post_type=product&#038;p=3530"},"modified":"2023-11-04T07:56:29","modified_gmt":"2023-11-04T07:56:29","slug":"sweet-brothers-ron","status":"publish","type":"product","link":"https:\/\/mueblesitalianos.com\/site\/producto\/sweet-brothers-ron\/","title":{"rendered":"Sweet Brothers RON"},"content":{"rendered":"<p>\u00a1La familia Golden Brothers se est\u00e1 expandiendo!\u00a0Conoce a los Sweet Brothers RON y sus hermanos ahora en diferentes colores suaves al tacto.\u00a0Encu\u00e9ntralos en negro, blanco, celeste, amarillo y terracota, asumiendo diferentes posturas.\u00a0Crean un paisaje animado que caracteriza la mesa y cada rinc\u00f3n de la casa.\u00a0Esta familia de l\u00e1mparas LED port\u00e1tiles que funcionan con bater\u00edas recargables est\u00e1 equipada con un interruptor de tacto suave.<\/p>\n","protected":false},"excerpt":{"rendered":"<p>\u00a1La familia Golden Brothers se est\u00e1 expandiendo!\u00a0Conoce a los Sweet Brothers RON y sus hermanos ahora en diferentes colores suaves al tacto.\u00a0Encu\u00e9ntralos en negro, blanco, celeste, amarillo y terracota, asumiendo diferentes posturas.\u00a0Crean un paisaje animado que caracteriza la mesa y cada rinc\u00f3n de la casa.\u00a0Esta familia de l\u00e1mparas LED port\u00e1tiles que funcionan con bater\u00edas recargables [&hellip;]<\/p>\n","protected":false},"featured_media":3685,"template":"","meta":{"_joinchat":[]},"product_cat":[93],"product_tag":[],"class_list":{"0":"post-3530","1":"product","2":"type-product","3":"status-publish","4":"has-post-thumbnail","6":"product_cat-qeeboo","7":"pa_color-blue","8":"pa_color-yellow","10":"first","11":"instock","12":"shipping-taxable","13":"purchasable","14":"product-type-simple"},"aioseo_notices":[],"_links":{"self":[{"href":"https:\/\/mueblesitalianos.com\/site\/wp-json\/wp\/v2\/product\/3530","targetHints":{"allow":["GET"]}}],"collection":[{"href":"https:\/\/mueblesitalianos.com\/site\/wp-json\/wp\/v2\/product"}],"about":[{"href":"https:\/\/mueblesitalianos.com\/site\/wp-json\/wp\/v2\/types\/product"}],"wp:featuredmedia":[{"embeddable":true,"href":"https:\/\/mueblesitalianos.com\/site\/wp-json\/wp\/v2\/media\/3685"}],"wp:attachment":[{"href":"https:\/\/mueblesitalianos.com\/site\/wp-json\/wp\/v2\/media?parent=3530"}],"wp:term":[{"taxonomy":"product_cat","embeddable":true,"href":"https:\/\/mueblesitalianos.com\/site\/wp-json\/wp\/v2\/product_cat?post=3530"},{"taxonomy":"product_tag","embeddable":true,"href":"https:\/\/mueblesitalianos.com\/site\/wp-json\/wp\/v2\/product_tag?post=3530"}],"curies":[{"name":"wp","href":"https:\/\/api.w.org\/{rel}","templated":true}]}}