{"id":3548,"date":"2023-11-03T13:54:24","date_gmt":"2023-11-03T13:54:24","guid":{"rendered":"https:\/\/mueblesitalianos.com\/site\/?post_type=product&#038;p=3548"},"modified":"2023-11-04T14:39:55","modified_gmt":"2023-11-04T14:39:55","slug":"seat-kroko-dove-grey","status":"publish","type":"product","link":"https:\/\/mueblesitalianos.com\/site\/producto\/seat-kroko-dove-grey\/","title":{"rendered":"SeAT KROKO DOVE  GREY"},"content":{"rendered":"<p>Marcantonio transforma uno de los animales m\u00e1s iconogr\u00e1ficos en un compa\u00f1ero ideal para relajarse al aire libre.\u00a0Kroko es un sill\u00f3n lounge que, con sus l\u00edneas redondas, aporta iron\u00eda a los ambientes que ocupa.\u00a0Una obra industrial que hace un gui\u00f1o a la escultura, con referencias a la Naturaleza y al arte contempor\u00e1neo, por lo que la forma es s\u00f3lo insinuada pero inconfundible.\u00a0Kroko est\u00e1 elaborado con un biopl\u00e1stico procedente del refinado de la ca\u00f1a de az\u00facar, que recuerda los colores de la Tierra y que SLIDE utiliza por primera vez en el mundo del dise\u00f1o.\u00a0Kroko tambi\u00e9n est\u00e1 disponible en la versi\u00f3n biplaza, Big Kroko, y forma parte de la colecci\u00f3n Afrika junto con Threeb\u00f9, Threeb\u00f9 Pot, Threeb\u00f9 Totem y Threeb\u00f9 Party.<\/p>\n<p>110 cm DOVE<br \/>\nGREY<\/p>\n","protected":false},"excerpt":{"rendered":"<p>Marcantonio transforma uno de los animales m\u00e1s iconogr\u00e1ficos en un compa\u00f1ero ideal para relajarse al aire libre.\u00a0Kroko es un sill\u00f3n lounge que, con sus l\u00edneas redondas, aporta iron\u00eda a los ambientes que ocupa.\u00a0Una obra industrial que hace un gui\u00f1o a la escultura, con referencias a la Naturaleza y al arte contempor\u00e1neo, por lo que la [&hellip;]<\/p>\n","protected":false},"featured_media":3712,"template":"","meta":{"_joinchat":[]},"product_cat":[17],"product_tag":[],"class_list":{"0":"post-3548","1":"product","2":"type-product","3":"status-publish","4":"has-post-thumbnail","6":"product_cat-slide-collection","8":"first","9":"instock","10":"shipping-taxable","11":"purchasable","12":"product-type-simple"},"aioseo_notices":[],"_links":{"self":[{"href":"https:\/\/mueblesitalianos.com\/site\/wp-json\/wp\/v2\/product\/3548","targetHints":{"allow":["GET"]}}],"collection":[{"href":"https:\/\/mueblesitalianos.com\/site\/wp-json\/wp\/v2\/product"}],"about":[{"href":"https:\/\/mueblesitalianos.com\/site\/wp-json\/wp\/v2\/types\/product"}],"wp:featuredmedia":[{"embeddable":true,"href":"https:\/\/mueblesitalianos.com\/site\/wp-json\/wp\/v2\/media\/3712"}],"wp:attachment":[{"href":"https:\/\/mueblesitalianos.com\/site\/wp-json\/wp\/v2\/media?parent=3548"}],"wp:term":[{"taxonomy":"product_cat","embeddable":true,"href":"https:\/\/mueblesitalianos.com\/site\/wp-json\/wp\/v2\/product_cat?post=3548"},{"taxonomy":"product_tag","embeddable":true,"href":"https:\/\/mueblesitalianos.com\/site\/wp-json\/wp\/v2\/product_tag?post=3548"}],"curies":[{"name":"wp","href":"https:\/\/api.w.org\/{rel}","templated":true}]}}