{"id":3563,"date":"2023-11-03T14:08:14","date_gmt":"2023-11-03T14:08:14","guid":{"rendered":"https:\/\/mueblesitalianos.com\/site\/?post_type=product&#038;p=3563"},"modified":"2023-11-04T14:37:14","modified_gmt":"2023-11-04T14:37:14","slug":"lamp-pivot-outdoor","status":"publish","type":"product","link":"https:\/\/mueblesitalianos.com\/site\/producto\/lamp-pivot-outdoor\/","title":{"rendered":"Lamp PIVOT Outdoor"},"content":{"rendered":"<p>diam.60 h200cm<br \/>\nLIGHT WHITE<\/p>\n<p>Gracias a la colaboraci\u00f3n con Carlo Constantini naci\u00f3 la l\u00e1mpara de pie Pivot.\u00a0Pivot es perfecto para ambientes interiores y exteriores con un estilo elegante y esencial: un jard\u00edn, una terraza, un espacio exterior, pero tambi\u00e9n el interior de una casa.\u00a0Su dise\u00f1o nace de la combinaci\u00f3n perfecta entre la forma c\u00f3nica de la base y la cl\u00e1sica pantalla acampanada.\u00a0La textura arabesca en relieve de la pantalla enriquece la l\u00e1mpara de pie.\u00a0Tambi\u00e9n est\u00e1 disponible una base de fijaci\u00f3n para exterior y en diferentes tama\u00f1os.\u00a0Gracias a su ligereza, Pivot es f\u00e1cil de mover, por lo que puede colocarse en ambientes donde es necesario cambiar r\u00e1pidamente de contexto seg\u00fan las necesidades.\u00a0Para facilitar a\u00fan m\u00e1s su movimiento, Pivot tambi\u00e9n est\u00e1 disponible en la versi\u00f3n inal\u00e1mbrica, gracias a la posibilidad de montar dos m\u00f3dulos Candy Light en lugar de las bombillas.<\/p>\n","protected":false},"excerpt":{"rendered":"<p>diam.60 h200cm LIGHT WHITE Gracias a la colaboraci\u00f3n con Carlo Constantini naci\u00f3 la l\u00e1mpara de pie Pivot.\u00a0Pivot es perfecto para ambientes interiores y exteriores con un estilo elegante y esencial: un jard\u00edn, una terraza, un espacio exterior, pero tambi\u00e9n el interior de una casa.\u00a0Su dise\u00f1o nace de la combinaci\u00f3n perfecta entre la forma c\u00f3nica de [&hellip;]<\/p>\n","protected":false},"featured_media":3710,"template":"","meta":{"_joinchat":[]},"product_cat":[17],"product_tag":[],"class_list":{"0":"post-3563","1":"product","2":"type-product","3":"status-publish","4":"has-post-thumbnail","6":"product_cat-slide-collection","8":"first","9":"instock","10":"shipping-taxable","11":"purchasable","12":"product-type-simple"},"aioseo_notices":[],"_links":{"self":[{"href":"https:\/\/mueblesitalianos.com\/site\/wp-json\/wp\/v2\/product\/3563","targetHints":{"allow":["GET"]}}],"collection":[{"href":"https:\/\/mueblesitalianos.com\/site\/wp-json\/wp\/v2\/product"}],"about":[{"href":"https:\/\/mueblesitalianos.com\/site\/wp-json\/wp\/v2\/types\/product"}],"wp:featuredmedia":[{"embeddable":true,"href":"https:\/\/mueblesitalianos.com\/site\/wp-json\/wp\/v2\/media\/3710"}],"wp:attachment":[{"href":"https:\/\/mueblesitalianos.com\/site\/wp-json\/wp\/v2\/media?parent=3563"}],"wp:term":[{"taxonomy":"product_cat","embeddable":true,"href":"https:\/\/mueblesitalianos.com\/site\/wp-json\/wp\/v2\/product_cat?post=3563"},{"taxonomy":"product_tag","embeddable":true,"href":"https:\/\/mueblesitalianos.com\/site\/wp-json\/wp\/v2\/product_tag?post=3563"}],"curies":[{"name":"wp","href":"https:\/\/api.w.org\/{rel}","templated":true}]}}