{"id":3576,"date":"2023-11-03T14:27:41","date_gmt":"2023-11-03T14:27:41","guid":{"rendered":"https:\/\/mueblesitalianos.com\/site\/?post_type=product&#038;p=3576"},"modified":"2023-11-04T14:36:44","modified_gmt":"2023-11-04T14:36:44","slug":"davide","status":"publish","type":"product","link":"https:\/\/mueblesitalianos.com\/site\/producto\/davide\/","title":{"rendered":"DAVIDE"},"content":{"rendered":"<p>E 30&#215;35 h.45 Table<br \/>\nLamp LIGHT<br \/>\nWHITE<\/p>\n<p>Davide es la l\u00e1mpara escult\u00f3rica luminosa que recuerda al David de Miguel \u00c1ngel, una obra de arte que simboliza todo el Renacimiento italiano.\u00a0Fabricada en polietileno reciclado mediante la t\u00e9cnica del moldeo rotacional, con su toque pop, la l\u00e1mpara de mesa Davide se adapta a cualquier ambiente interior contempor\u00e1neo.<\/p>\n","protected":false},"excerpt":{"rendered":"<p>E 30&#215;35 h.45 Table Lamp LIGHT WHITE Davide es la l\u00e1mpara escult\u00f3rica luminosa que recuerda al David de Miguel \u00c1ngel, una obra de arte que simboliza todo el Renacimiento italiano.\u00a0Fabricada en polietileno reciclado mediante la t\u00e9cnica del moldeo rotacional, con su toque pop, la l\u00e1mpara de mesa Davide se adapta a cualquier ambiente interior contempor\u00e1neo.<\/p>\n","protected":false},"featured_media":3707,"template":"","meta":{"_joinchat":[]},"product_cat":[17],"product_tag":[],"class_list":{"0":"post-3576","1":"product","2":"type-product","3":"status-publish","4":"has-post-thumbnail","6":"product_cat-slide-collection","8":"first","9":"instock","10":"shipping-taxable","11":"purchasable","12":"product-type-simple"},"aioseo_notices":[],"_links":{"self":[{"href":"https:\/\/mueblesitalianos.com\/site\/wp-json\/wp\/v2\/product\/3576","targetHints":{"allow":["GET"]}}],"collection":[{"href":"https:\/\/mueblesitalianos.com\/site\/wp-json\/wp\/v2\/product"}],"about":[{"href":"https:\/\/mueblesitalianos.com\/site\/wp-json\/wp\/v2\/types\/product"}],"wp:featuredmedia":[{"embeddable":true,"href":"https:\/\/mueblesitalianos.com\/site\/wp-json\/wp\/v2\/media\/3707"}],"wp:attachment":[{"href":"https:\/\/mueblesitalianos.com\/site\/wp-json\/wp\/v2\/media?parent=3576"}],"wp:term":[{"taxonomy":"product_cat","embeddable":true,"href":"https:\/\/mueblesitalianos.com\/site\/wp-json\/wp\/v2\/product_cat?post=3576"},{"taxonomy":"product_tag","embeddable":true,"href":"https:\/\/mueblesitalianos.com\/site\/wp-json\/wp\/v2\/product_tag?post=3576"}],"curies":[{"name":"wp","href":"https:\/\/api.w.org\/{rel}","templated":true}]}}