{"id":3598,"date":"2023-11-03T15:01:56","date_gmt":"2023-11-03T15:01:56","guid":{"rendered":"https:\/\/mueblesitalianos.com\/site\/?post_type=product&#038;p=3598"},"modified":"2023-11-04T14:35:33","modified_gmt":"2023-11-04T14:35:33","slug":"base-ottocento-large","status":"publish","type":"product","link":"https:\/\/mueblesitalianos.com\/site\/producto\/base-ottocento-large\/","title":{"rendered":"BASE OTTOCENTO LARGE"},"content":{"rendered":"<p>diam.75 h71<br \/>\nMILKY WHITE<\/p>\n<p>La inspiraci\u00f3n del Neoclasicismo de principios del siglo XIX inspira Ottocento Up, la tercera creaci\u00f3n de la colecci\u00f3n de mesas dise\u00f1adas por Paola Navone.\u00a0Ottocento Up es una mesa alta, ideal para combinar con el taburete Ribs Up de la misma colecci\u00f3n, que recuerda a las elegantes columnas neocl\u00e1sicas y que se completa con una tapa de HPL con texturas y acabados naturales como el resto de modelos de la colecci\u00f3n.<\/p>\n","protected":false},"excerpt":{"rendered":"<p>diam.75 h71 MILKY WHITE La inspiraci\u00f3n del Neoclasicismo de principios del siglo XIX inspira Ottocento Up, la tercera creaci\u00f3n de la colecci\u00f3n de mesas dise\u00f1adas por Paola Navone.\u00a0Ottocento Up es una mesa alta, ideal para combinar con el taburete Ribs Up de la misma colecci\u00f3n, que recuerda a las elegantes columnas neocl\u00e1sicas y que se [&hellip;]<\/p>\n","protected":false},"featured_media":3715,"template":"","meta":{"_joinchat":[]},"product_cat":[17],"product_tag":[],"class_list":{"0":"post-3598","1":"product","2":"type-product","3":"status-publish","4":"has-post-thumbnail","6":"product_cat-slide-collection","8":"first","9":"instock","10":"shipping-taxable","11":"purchasable","12":"product-type-simple"},"aioseo_notices":[],"_links":{"self":[{"href":"https:\/\/mueblesitalianos.com\/site\/wp-json\/wp\/v2\/product\/3598","targetHints":{"allow":["GET"]}}],"collection":[{"href":"https:\/\/mueblesitalianos.com\/site\/wp-json\/wp\/v2\/product"}],"about":[{"href":"https:\/\/mueblesitalianos.com\/site\/wp-json\/wp\/v2\/types\/product"}],"wp:featuredmedia":[{"embeddable":true,"href":"https:\/\/mueblesitalianos.com\/site\/wp-json\/wp\/v2\/media\/3715"}],"wp:attachment":[{"href":"https:\/\/mueblesitalianos.com\/site\/wp-json\/wp\/v2\/media?parent=3598"}],"wp:term":[{"taxonomy":"product_cat","embeddable":true,"href":"https:\/\/mueblesitalianos.com\/site\/wp-json\/wp\/v2\/product_cat?post=3598"},{"taxonomy":"product_tag","embeddable":true,"href":"https:\/\/mueblesitalianos.com\/site\/wp-json\/wp\/v2\/product_tag?post=3598"}],"curies":[{"name":"wp","href":"https:\/\/api.w.org\/{rel}","templated":true}]}}